{"id":19822,"date":"2026-04-01T17:37:21","date_gmt":"2026-04-01T15:37:21","guid":{"rendered":"https:\/\/www.perfume-week.com\/?post_type=events&#038;p=19822"},"modified":"2026-04-01T17:37:24","modified_gmt":"2026-04-01T15:37:24","slug":"atelier-matiere-premiere","status":"publish","type":"events","link":"https:\/\/www.perfume-week.com\/en\/events\/atelier-matiere-premiere\/","title":{"rendered":"Atelier mati\u00e8re premi\u00e8re"},"content":{"rendered":"\n<p>Oubliez les pyramides, revenez \u00e0 la source.<br><br>Histoires de Parfums vous invite \u00e0 un voyage olfactif \u00e0 travers 25 mati\u00e8res premi\u00e8res embl\u00e9matiques de la parfumerie. Explorez, sentez, comparez. Laissez votre nez et votre curiosit\u00e9 faire le reste.<\/p>\n\n\n\n<p>R\u00e9servez votre cr\u00e9neau et poussez la porte de notre biblioth\u00e8que au 11 rue du Roi Dor\u00e9.<\/p>\n\n\n\n<p><em>Cr\u00e9neaux disponibles du mardi 7 au samedi 11 avril 2026 \u00e0 11h30 et 15h, sur r\u00e9servation \u00e0 <\/em><a href=\"mailto:paris@histoiresdeparfums.com\"><em>paris@histoiresdeparfums.com<\/em><\/a><em>.<\/em><\/p>\n\n\n\n<p><strong>1 offre&nbsp;:<\/strong><\/p>\n\n\n\n<p>Un flacon rechargeable 5ml offert pour tout achat d&#8217;un parfum 15ml ou 60ml.<\/p>\n\n\n\n<p>Un format voyage 15ml offert pour tout achat d&#8217;un parfum 115ml ou 120ml, dans la Collection Classique et Ceci n\u2019est pas un flacon bleu.<\/p>\n","protected":false},"excerpt":{"rendered":"<p>Oubliez les pyramides, revenez \u00e0 la source. Histoires de Parfums vous invite \u00e0 un voyage olfactif \u00e0 travers 25 mati\u00e8res premi\u00e8res embl\u00e9matiques de la parfumerie. Explorez, sentez, comparez. Laissez votre nez et votre curiosit\u00e9 faire le reste. R\u00e9servez votre cr\u00e9neau et poussez la porte de notre biblioth\u00e8que au 11 rue du Roi Dor\u00e9. Cr\u00e9neaux disponibles [&hellip;]<\/p>\n","protected":false},"author":21,"featured_media":0,"template":"","tags":[],"annee":[165],"pw_dates":[],"event-types":[48],"ville":[106],"class_list":["post-19822","events","type-events","status-publish","hentry","annee-165","event-types-hors-les-murs","ville-paris"],"acf":[],"yoast_head":"<!-- This site is optimized with the Yoast SEO plugin v27.5 - https:\/\/yoast.com\/product\/yoast-seo-wordpress\/ -->\n<title>Atelier mati\u00e8re premi\u00e8re - Perfume Week, by Nez<\/title>\n<meta name=\"robots\" content=\"noindex, follow\" \/>\n<meta property=\"og:locale\" content=\"en_US\" \/>\n<meta property=\"og:type\" content=\"article\" \/>\n<meta property=\"og:title\" content=\"Atelier mati\u00e8re premi\u00e8re - Perfume Week, by Nez\" \/>\n<meta property=\"og:description\" content=\"Oubliez les pyramides, revenez \u00e0 la source. Histoires de Parfums vous invite \u00e0 un voyage olfactif \u00e0 travers 25 mati\u00e8res premi\u00e8res embl\u00e9matiques de la parfumerie. Explorez, sentez, comparez. Laissez votre nez et votre curiosit\u00e9 faire le reste. R\u00e9servez votre cr\u00e9neau et poussez la porte de notre biblioth\u00e8que au 11 rue du Roi Dor\u00e9. Cr\u00e9neaux disponibles [&hellip;]\" \/>\n<meta property=\"og:url\" content=\"https:\/\/www.perfume-week.com\/en\/events\/atelier-matiere-premiere\/\" \/>\n<meta property=\"og:site_name\" content=\"Perfume Week, by Nez\" \/>\n<meta property=\"article:publisher\" content=\"https:\/\/facebook.com\/nezarevue\" \/>\n<meta property=\"article:modified_time\" content=\"2026-04-01T15:37:24+00:00\" \/>\n<meta property=\"og:image\" content=\"https:\/\/www.perfume-week.com\/wp-content\/uploads\/2025\/07\/IMAGE_PARIS_PERFUME_WEEK_26_LIGHT.jpg\" \/>\n\t<meta property=\"og:image:width\" content=\"1000\" \/>\n\t<meta property=\"og:image:height\" content=\"707\" \/>\n\t<meta property=\"og:image:type\" content=\"image\/jpeg\" \/>\n<meta name=\"twitter:card\" content=\"summary_large_image\" \/>\n<meta name=\"twitter:label1\" content=\"Est. reading time\" \/>\n\t<meta name=\"twitter:data1\" content=\"1 minute\" \/>\n<script type=\"application\/ld+json\" class=\"yoast-schema-graph\">{\"@context\":\"https:\\\/\\\/schema.org\",\"@graph\":[{\"@type\":\"WebPage\",\"@id\":\"https:\\\/\\\/www.perfume-week.com\\\/en\\\/events\\\/atelier-matiere-premiere\\\/\",\"url\":\"https:\\\/\\\/www.perfume-week.com\\\/en\\\/events\\\/atelier-matiere-premiere\\\/\",\"name\":\"Atelier mati\u00e8re premi\u00e8re - Perfume Week, by Nez\",\"isPartOf\":{\"@id\":\"https:\\\/\\\/www.perfume-week.com\\\/en\\\/#website\"},\"datePublished\":\"2026-04-01T15:37:21+00:00\",\"dateModified\":\"2026-04-01T15:37:24+00:00\",\"breadcrumb\":{\"@id\":\"https:\\\/\\\/www.perfume-week.com\\\/en\\\/events\\\/atelier-matiere-premiere\\\/#breadcrumb\"},\"inLanguage\":\"en-US\",\"potentialAction\":[{\"@type\":\"ReadAction\",\"target\":[\"https:\\\/\\\/www.perfume-week.com\\\/en\\\/events\\\/atelier-matiere-premiere\\\/\"]}]},{\"@type\":\"BreadcrumbList\",\"@id\":\"https:\\\/\\\/www.perfume-week.com\\\/en\\\/events\\\/atelier-matiere-premiere\\\/#breadcrumb\",\"itemListElement\":[{\"@type\":\"ListItem\",\"position\":1,\"name\":\"Accueil\",\"item\":\"https:\\\/\\\/www.perfume-week.com\\\/en\\\/\"},{\"@type\":\"ListItem\",\"position\":2,\"name\":\"\u00c9v\u00e9nements\",\"item\":\"https:\\\/\\\/www.perfume-week.com\\\/en\\\/events\\\/\"},{\"@type\":\"ListItem\",\"position\":3,\"name\":\"Atelier mati\u00e8re premi\u00e8re\"}]},{\"@type\":\"WebSite\",\"@id\":\"https:\\\/\\\/www.perfume-week.com\\\/en\\\/#website\",\"url\":\"https:\\\/\\\/www.perfume-week.com\\\/en\\\/\",\"name\":\"Paris Perfume Week, by Nez\",\"description\":\"The international gathering for perfume and olfactory culture, by Nez\",\"publisher\":{\"@id\":\"https:\\\/\\\/www.perfume-week.com\\\/en\\\/#organization\"},\"potentialAction\":[{\"@type\":\"SearchAction\",\"target\":{\"@type\":\"EntryPoint\",\"urlTemplate\":\"https:\\\/\\\/www.perfume-week.com\\\/en\\\/?s={search_term_string}\"},\"query-input\":{\"@type\":\"PropertyValueSpecification\",\"valueRequired\":true,\"valueName\":\"search_term_string\"}}],\"inLanguage\":\"en-US\"},{\"@type\":\"Organization\",\"@id\":\"https:\\\/\\\/www.perfume-week.com\\\/en\\\/#organization\",\"name\":\"Le rendez-vous international du parfum et de la culture olfactive, by Nez\",\"url\":\"https:\\\/\\\/www.perfume-week.com\\\/en\\\/\",\"logo\":{\"@type\":\"ImageObject\",\"inLanguage\":\"en-US\",\"@id\":\"https:\\\/\\\/www.perfume-week.com\\\/en\\\/#\\\/schema\\\/logo\\\/image\\\/\",\"url\":\"https:\\\/\\\/www.perfume-week.com\\\/wp-content\\\/uploads\\\/2023\\\/12\\\/PARIS_PERFUME_WEEK_BLANC-1.svg\",\"contentUrl\":\"https:\\\/\\\/www.perfume-week.com\\\/wp-content\\\/uploads\\\/2023\\\/12\\\/PARIS_PERFUME_WEEK_BLANC-1.svg\",\"width\":493,\"height\":262,\"caption\":\"Le rendez-vous international du parfum et de la culture olfactive, by Nez\"},\"image\":{\"@id\":\"https:\\\/\\\/www.perfume-week.com\\\/en\\\/#\\\/schema\\\/logo\\\/image\\\/\"},\"sameAs\":[\"https:\\\/\\\/facebook.com\\\/nezarevue\",\"https:\\\/\\\/www.instagram.com\\\/perfumeweek\"]}]}<\/script>\n<!-- \/ Yoast SEO plugin. -->","yoast_head_json":{"title":"Atelier mati\u00e8re premi\u00e8re - Perfume Week, by Nez","robots":{"index":"noindex","follow":"follow"},"og_locale":"en_US","og_type":"article","og_title":"Atelier mati\u00e8re premi\u00e8re - Perfume Week, by Nez","og_description":"Oubliez les pyramides, revenez \u00e0 la source. Histoires de Parfums vous invite \u00e0 un voyage olfactif \u00e0 travers 25 mati\u00e8res premi\u00e8res embl\u00e9matiques de la parfumerie. Explorez, sentez, comparez. Laissez votre nez et votre curiosit\u00e9 faire le reste. R\u00e9servez votre cr\u00e9neau et poussez la porte de notre biblioth\u00e8que au 11 rue du Roi Dor\u00e9. Cr\u00e9neaux disponibles [&hellip;]","og_url":"https:\/\/www.perfume-week.com\/en\/events\/atelier-matiere-premiere\/","og_site_name":"Perfume Week, by Nez","article_publisher":"https:\/\/facebook.com\/nezarevue","article_modified_time":"2026-04-01T15:37:24+00:00","og_image":[{"width":1000,"height":707,"url":"https:\/\/www.perfume-week.com\/wp-content\/uploads\/2025\/07\/IMAGE_PARIS_PERFUME_WEEK_26_LIGHT.jpg","type":"image\/jpeg"}],"twitter_card":"summary_large_image","twitter_misc":{"Est. reading time":"1 minute"},"schema":{"@context":"https:\/\/schema.org","@graph":[{"@type":"WebPage","@id":"https:\/\/www.perfume-week.com\/en\/events\/atelier-matiere-premiere\/","url":"https:\/\/www.perfume-week.com\/en\/events\/atelier-matiere-premiere\/","name":"Atelier mati\u00e8re premi\u00e8re - Perfume Week, by Nez","isPartOf":{"@id":"https:\/\/www.perfume-week.com\/en\/#website"},"datePublished":"2026-04-01T15:37:21+00:00","dateModified":"2026-04-01T15:37:24+00:00","breadcrumb":{"@id":"https:\/\/www.perfume-week.com\/en\/events\/atelier-matiere-premiere\/#breadcrumb"},"inLanguage":"en-US","potentialAction":[{"@type":"ReadAction","target":["https:\/\/www.perfume-week.com\/en\/events\/atelier-matiere-premiere\/"]}]},{"@type":"BreadcrumbList","@id":"https:\/\/www.perfume-week.com\/en\/events\/atelier-matiere-premiere\/#breadcrumb","itemListElement":[{"@type":"ListItem","position":1,"name":"Accueil","item":"https:\/\/www.perfume-week.com\/en\/"},{"@type":"ListItem","position":2,"name":"\u00c9v\u00e9nements","item":"https:\/\/www.perfume-week.com\/en\/events\/"},{"@type":"ListItem","position":3,"name":"Atelier mati\u00e8re premi\u00e8re"}]},{"@type":"WebSite","@id":"https:\/\/www.perfume-week.com\/en\/#website","url":"https:\/\/www.perfume-week.com\/en\/","name":"Paris Perfume Week, by Nez","description":"The international gathering for perfume and olfactory culture, by Nez","publisher":{"@id":"https:\/\/www.perfume-week.com\/en\/#organization"},"potentialAction":[{"@type":"SearchAction","target":{"@type":"EntryPoint","urlTemplate":"https:\/\/www.perfume-week.com\/en\/?s={search_term_string}"},"query-input":{"@type":"PropertyValueSpecification","valueRequired":true,"valueName":"search_term_string"}}],"inLanguage":"en-US"},{"@type":"Organization","@id":"https:\/\/www.perfume-week.com\/en\/#organization","name":"Le rendez-vous international du parfum et de la culture olfactive, by Nez","url":"https:\/\/www.perfume-week.com\/en\/","logo":{"@type":"ImageObject","inLanguage":"en-US","@id":"https:\/\/www.perfume-week.com\/en\/#\/schema\/logo\/image\/","url":"https:\/\/www.perfume-week.com\/wp-content\/uploads\/2023\/12\/PARIS_PERFUME_WEEK_BLANC-1.svg","contentUrl":"https:\/\/www.perfume-week.com\/wp-content\/uploads\/2023\/12\/PARIS_PERFUME_WEEK_BLANC-1.svg","width":493,"height":262,"caption":"Le rendez-vous international du parfum et de la culture olfactive, by Nez"},"image":{"@id":"https:\/\/www.perfume-week.com\/en\/#\/schema\/logo\/image\/"},"sameAs":["https:\/\/facebook.com\/nezarevue","https:\/\/www.instagram.com\/perfumeweek"]}]}},"_links":{"self":[{"href":"https:\/\/www.perfume-week.com\/en\/wp-json\/wp\/v2\/events\/19822","targetHints":{"allow":["GET"]}}],"collection":[{"href":"https:\/\/www.perfume-week.com\/en\/wp-json\/wp\/v2\/events"}],"about":[{"href":"https:\/\/www.perfume-week.com\/en\/wp-json\/wp\/v2\/types\/events"}],"author":[{"embeddable":true,"href":"https:\/\/www.perfume-week.com\/en\/wp-json\/wp\/v2\/users\/21"}],"wp:attachment":[{"href":"https:\/\/www.perfume-week.com\/en\/wp-json\/wp\/v2\/media?parent=19822"}],"wp:term":[{"taxonomy":"post_tag","embeddable":true,"href":"https:\/\/www.perfume-week.com\/en\/wp-json\/wp\/v2\/tags?post=19822"},{"taxonomy":"annee","embeddable":true,"href":"https:\/\/www.perfume-week.com\/en\/wp-json\/wp\/v2\/annee?post=19822"},{"taxonomy":"pw_dates","embeddable":true,"href":"https:\/\/www.perfume-week.com\/en\/wp-json\/wp\/v2\/pw_dates?post=19822"},{"taxonomy":"event-types","embeddable":true,"href":"https:\/\/www.perfume-week.com\/en\/wp-json\/wp\/v2\/event-types?post=19822"},{"taxonomy":"ville","embeddable":true,"href":"https:\/\/www.perfume-week.com\/en\/wp-json\/wp\/v2\/ville?post=19822"}],"curies":[{"name":"wp","href":"https:\/\/api.w.org\/{rel}","templated":true}]}}

Atelier matière première

<p>Oubliez les pyramides, revenez à la source.<br><br>Histoires de Parfums vous invite à un voyage olfactif à travers 25 matières premières emblématiques de la parfumerie. Explorez, sentez, comparez. Laissez votre nez et votre curiosité faire le reste.</p>



<p>Réservez votre créneau et poussez la porte de notre bibliothèque au 11 rue du Roi Doré.</p>



<p><em>Créneaux disponibles du mardi 7 au samedi 11 avril 2026 à 11h30 et 15h, sur réservation à </em><a href="mailto:paris@histoiresdeparfums.com"><em>paris@histoiresdeparfums.com</em></a><em>.</em></p>



<p><strong>1 offre&nbsp;:</strong></p>



<p>Un flacon rechargeable 5ml offert pour tout achat d&#8217;un parfum 15ml ou 60ml.</p>



<p>Un format voyage 15ml offert pour tout achat d&#8217;un parfum 115ml ou 120ml, dans la Collection Classique et Ceci n’est pas un flacon bleu.</p>

<p>Oubliez les pyramides, revenez à la source. Histoires de Parfums vous invite à un voyage olfactif à travers 25 matières premières emblématiques de la parfumerie. Explorez, sentez, comparez. Laissez votre nez et votre curiosité faire le reste. Réservez votre créneau et poussez la porte de notre bibliothèque au 11 rue du Roi Doré. Créneaux disponibles [&hellip;]</p>

<!-- This site is optimized with the Yoast SEO plugin v27.5 - https://yoast.com/product/yoast-seo-wordpress/ -->
<title>Atelier matière première - Perfume Week, by Nez</title>
<meta name="robots" content="noindex, follow" />
<meta property="og:locale" content="en_US" />
<meta property="og:type" content="article" />
<meta property="og:title" content="Atelier matière première - Perfume Week, by Nez" />
<meta property="og:description" content="Oubliez les pyramides, revenez à la source. Histoires de Parfums vous invite à un voyage olfactif à travers 25 matières premières emblématiques de la parfumerie. Explorez, sentez, comparez. Laissez votre nez et votre curiosité faire le reste. Réservez votre créneau et poussez la porte de notre bibliothèque au 11 rue du Roi Doré. Créneaux disponibles [&hellip;]" />
<meta property="og:url" content="https://www.perfume-week.com/en/events/atelier-matiere-premiere/" />
<meta property="og:site_name" content="Perfume Week, by Nez" />
<meta property="article:publisher" content="https://facebook.com/nezarevue" />
<meta property="article:modified_time" content="2026-04-01T15:37:24+00:00" />
<meta property="og:image" content="https://www.perfume-week.com/wp-content/uploads/2025/07/IMAGE_PARIS_PERFUME_WEEK_26_LIGHT.jpg" />
	<meta property="og:image:width" content="1000" />
	<meta property="og:image:height" content="707" />
	<meta property="og:image:type" content="image/jpeg" />
<meta name="twitter:card" content="summary_large_image" />
<meta name="twitter:label1" content="Est. reading time" />
	<meta name="twitter:data1" content="1 minute" />
<script type="application/ld+json" class="yoast-schema-graph">{"@context":"https:\/\/schema.org","@graph":[{"@type":"WebPage","@id":"https:\/\/www.perfume-week.com\/en\/events\/atelier-matiere-premiere\/","url":"https:\/\/www.perfume-week.com\/en\/events\/atelier-matiere-premiere\/","name":"Atelier matière première - Perfume Week, by Nez","isPartOf":{"@id":"https:\/\/www.perfume-week.com\/en\/#website"},"datePublished":"2026-04-01T15:37:21+00:00","dateModified":"2026-04-01T15:37:24+00:00","breadcrumb":{"@id":"https:\/\/www.perfume-week.com\/en\/events\/atelier-matiere-premiere\/#breadcrumb"},"inLanguage":"en-US","potentialAction":[{"@type":"ReadAction","target":["https:\/\/www.perfume-week.com\/en\/events\/atelier-matiere-premiere\/"]}]},{"@type":"BreadcrumbList","@id":"https:\/\/www.perfume-week.com\/en\/events\/atelier-matiere-premiere\/#breadcrumb","itemListElement":[{"@type":"ListItem","position":1,"name":"Accueil","item":"https:\/\/www.perfume-week.com\/en\/"},{"@type":"ListItem","position":2,"name":"Événements","item":"https:\/\/www.perfume-week.com\/en\/events\/"},{"@type":"ListItem","position":3,"name":"Atelier matière première"}]},{"@type":"WebSite","@id":"https:\/\/www.perfume-week.com\/en\/#website","url":"https:\/\/www.perfume-week.com\/en\/","name":"Paris Perfume Week, by Nez","description":"The international gathering for perfume and olfactory culture, by Nez","publisher":{"@id":"https:\/\/www.perfume-week.com\/en\/#organization"},"potentialAction":[{"@type":"SearchAction","target":{"@type":"EntryPoint","urlTemplate":"https:\/\/www.perfume-week.com\/en\/?s={search_term_string}"},"query-input":{"@type":"PropertyValueSpecification","valueRequired":true,"valueName":"search_term_string"}}],"inLanguage":"en-US"},{"@type":"Organization","@id":"https:\/\/www.perfume-week.com\/en\/#organization","name":"Le rendez-vous international du parfum et de la culture olfactive, by Nez","url":"https:\/\/www.perfume-week.com\/en\/","logo":{"@type":"ImageObject","inLanguage":"en-US","@id":"https:\/\/www.perfume-week.com\/en\/#\/schema\/logo\/image\/","url":"https:\/\/www.perfume-week.com\/wp-content\/uploads\/2023\/12\/PARIS_PERFUME_WEEK_BLANC-1.svg","contentUrl":"https:\/\/www.perfume-week.com\/wp-content\/uploads\/2023\/12\/PARIS_PERFUME_WEEK_BLANC-1.svg","width":493,"height":262,"caption":"Le rendez-vous international du parfum et de la culture olfactive, by Nez"},"image":{"@id":"https:\/\/www.perfume-week.com\/en\/#\/schema\/logo\/image\/"},"sameAs":["https:\/\/facebook.com\/nezarevue","https:\/\/www.instagram.com\/perfumeweek"]}]}</script>
<!-- / Yoast SEO plugin. -->

Atelier matière première - Perfume Week, by Nez

Oubliez les pyramides, revenez à la source. Histoires de Parfums vous invite à un voyage olfactif à travers 25 matières premières emblématiques de la parfumerie. Explorez, sentez, comparez. Laissez votre nez et votre curiosité faire le reste. Réservez votre créneau et poussez la porte de notre bibliothèque au 11 rue du Roi Doré. Créneaux disponibles [&hellip;]

Événements
