{"id":19813,"date":"2026-04-01T16:39:42","date_gmt":"2026-04-01T14:39:42","guid":{"rendered":"https:\/\/www.perfume-week.com\/?post_type=events&#038;p=19813"},"modified":"2026-04-01T16:43:09","modified_gmt":"2026-04-01T14:43:09","slug":"masterclass-avec-pissara-umavijani-fondatrice-de-dusita-5","status":"publish","type":"events","link":"https:\/\/www.perfume-week.com\/en\/events\/masterclass-avec-pissara-umavijani-fondatrice-de-dusita-5\/","title":{"rendered":"Masterclass avec Pissara Umavijani (fondatrice de Dusita)"},"content":{"rendered":"\n<p>Les visiteurs de la Paris Perfume Week pourront participer \u00e0 une masterclass pour rencontrer Pissara Umavijani, la parfumeuse de Parfums Dusita, afin d&#8217;\u00e9changer avec elle sur son processus cr\u00e9atif et de d\u00e9couvrir son univers olfactif dans un cadre intimiste.<\/p>\n\n\n\n<p>Ils pourront aussi d\u00e9couvrir des mati\u00e8res premi\u00e8res sp\u00e9cialement s\u00e9lectionn\u00e9es par la parfumeuse et provenant de son laboratoire pour cette occasion.<br><br><strong>Programme<\/strong><\/p>\n\n\n\n<p>&#8211; Introduction \u00e0 la philosophie de Dusita<br>&#8211; D\u00e9couverte de 5-6 principales mati\u00e8res premi\u00e8res<br>&#8211; Explication \u00e9tape par \u00e9tape de la cr\u00e9ation d&#8217;un parfum<br>&#8211; Storytelling sur l&#8217;inspiration artistique<br>&#8211; Session questions \/ r\u00e9ponses<br>&#8211; S\u00e9ance de d\u00e9dicaces priv\u00e9e facultative<\/p>\n\n\n\n<p>L\u2019inscription se fera \u00e0 travers notre site internet\u00a0<a href=\"http:\/\/www.parfumsdusita.com\/\" target=\"_blank\" rel=\"noreferrer noopener\">www.parfumsdusita.com<\/a>.<\/p>\n\n\n\n<p><\/p>\n","protected":false},"excerpt":{"rendered":"<p>Les visiteurs de la Paris Perfume Week pourront participer \u00e0 une masterclass pour rencontrer Pissara Umavijani, la parfumeuse de Parfums Dusita, afin d&#8217;\u00e9changer avec elle sur son processus cr\u00e9atif et de d\u00e9couvrir son univers olfactif dans un cadre intimiste. Ils pourront aussi d\u00e9couvrir des mati\u00e8res premi\u00e8res sp\u00e9cialement s\u00e9lectionn\u00e9es par la parfumeuse et provenant de son [&hellip;]<\/p>\n","protected":false},"author":21,"featured_media":0,"template":"","tags":[],"annee":[165],"pw_dates":[],"event-types":[48],"ville":[106],"class_list":["post-19813","events","type-events","status-publish","hentry","annee-165","event-types-hors-les-murs","ville-paris"],"acf":[],"yoast_head":"<!-- This site is optimized with the Yoast SEO plugin v27.5 - https:\/\/yoast.com\/product\/yoast-seo-wordpress\/ -->\n<title>Masterclass avec Pissara Umavijani (fondatrice de Dusita) - Perfume Week, by Nez<\/title>\n<meta name=\"robots\" content=\"noindex, follow\" \/>\n<meta property=\"og:locale\" content=\"en_US\" \/>\n<meta property=\"og:type\" content=\"article\" \/>\n<meta property=\"og:title\" content=\"Masterclass avec Pissara Umavijani (fondatrice de Dusita) - Perfume Week, by Nez\" \/>\n<meta property=\"og:description\" content=\"Les visiteurs de la Paris Perfume Week pourront participer \u00e0 une masterclass pour rencontrer Pissara Umavijani, la parfumeuse de Parfums Dusita, afin d&#8217;\u00e9changer avec elle sur son processus cr\u00e9atif et de d\u00e9couvrir son univers olfactif dans un cadre intimiste. Ils pourront aussi d\u00e9couvrir des mati\u00e8res premi\u00e8res sp\u00e9cialement s\u00e9lectionn\u00e9es par la parfumeuse et provenant de son [&hellip;]\" \/>\n<meta property=\"og:url\" content=\"https:\/\/www.perfume-week.com\/en\/events\/masterclass-avec-pissara-umavijani-fondatrice-de-dusita-5\/\" \/>\n<meta property=\"og:site_name\" content=\"Perfume Week, by Nez\" \/>\n<meta property=\"article:publisher\" content=\"https:\/\/facebook.com\/nezarevue\" \/>\n<meta property=\"article:modified_time\" content=\"2026-04-01T14:43:09+00:00\" \/>\n<meta property=\"og:image\" content=\"https:\/\/www.perfume-week.com\/wp-content\/uploads\/2025\/07\/IMAGE_PARIS_PERFUME_WEEK_26_LIGHT.jpg\" \/>\n\t<meta property=\"og:image:width\" content=\"1000\" \/>\n\t<meta property=\"og:image:height\" content=\"707\" \/>\n\t<meta property=\"og:image:type\" content=\"image\/jpeg\" \/>\n<meta name=\"twitter:card\" content=\"summary_large_image\" \/>\n<meta name=\"twitter:label1\" content=\"Est. reading time\" \/>\n\t<meta name=\"twitter:data1\" content=\"1 minute\" \/>\n<script type=\"application\/ld+json\" class=\"yoast-schema-graph\">{\"@context\":\"https:\\\/\\\/schema.org\",\"@graph\":[{\"@type\":\"WebPage\",\"@id\":\"https:\\\/\\\/www.perfume-week.com\\\/en\\\/events\\\/masterclass-avec-pissara-umavijani-fondatrice-de-dusita-5\\\/\",\"url\":\"https:\\\/\\\/www.perfume-week.com\\\/en\\\/events\\\/masterclass-avec-pissara-umavijani-fondatrice-de-dusita-5\\\/\",\"name\":\"Masterclass avec Pissara Umavijani (fondatrice de Dusita) - Perfume Week, by Nez\",\"isPartOf\":{\"@id\":\"https:\\\/\\\/www.perfume-week.com\\\/en\\\/#website\"},\"datePublished\":\"2026-04-01T14:39:42+00:00\",\"dateModified\":\"2026-04-01T14:43:09+00:00\",\"breadcrumb\":{\"@id\":\"https:\\\/\\\/www.perfume-week.com\\\/en\\\/events\\\/masterclass-avec-pissara-umavijani-fondatrice-de-dusita-5\\\/#breadcrumb\"},\"inLanguage\":\"en-US\",\"potentialAction\":[{\"@type\":\"ReadAction\",\"target\":[\"https:\\\/\\\/www.perfume-week.com\\\/en\\\/events\\\/masterclass-avec-pissara-umavijani-fondatrice-de-dusita-5\\\/\"]}]},{\"@type\":\"BreadcrumbList\",\"@id\":\"https:\\\/\\\/www.perfume-week.com\\\/en\\\/events\\\/masterclass-avec-pissara-umavijani-fondatrice-de-dusita-5\\\/#breadcrumb\",\"itemListElement\":[{\"@type\":\"ListItem\",\"position\":1,\"name\":\"Accueil\",\"item\":\"https:\\\/\\\/www.perfume-week.com\\\/en\\\/\"},{\"@type\":\"ListItem\",\"position\":2,\"name\":\"\u00c9v\u00e9nements\",\"item\":\"https:\\\/\\\/www.perfume-week.com\\\/en\\\/events\\\/\"},{\"@type\":\"ListItem\",\"position\":3,\"name\":\"Masterclass avec Pissara Umavijani (fondatrice de Dusita)\"}]},{\"@type\":\"WebSite\",\"@id\":\"https:\\\/\\\/www.perfume-week.com\\\/en\\\/#website\",\"url\":\"https:\\\/\\\/www.perfume-week.com\\\/en\\\/\",\"name\":\"Paris Perfume Week, by Nez\",\"description\":\"The international gathering for perfume and olfactory culture, by Nez\",\"publisher\":{\"@id\":\"https:\\\/\\\/www.perfume-week.com\\\/en\\\/#organization\"},\"potentialAction\":[{\"@type\":\"SearchAction\",\"target\":{\"@type\":\"EntryPoint\",\"urlTemplate\":\"https:\\\/\\\/www.perfume-week.com\\\/en\\\/?s={search_term_string}\"},\"query-input\":{\"@type\":\"PropertyValueSpecification\",\"valueRequired\":true,\"valueName\":\"search_term_string\"}}],\"inLanguage\":\"en-US\"},{\"@type\":\"Organization\",\"@id\":\"https:\\\/\\\/www.perfume-week.com\\\/en\\\/#organization\",\"name\":\"Le rendez-vous international du parfum et de la culture olfactive, by Nez\",\"url\":\"https:\\\/\\\/www.perfume-week.com\\\/en\\\/\",\"logo\":{\"@type\":\"ImageObject\",\"inLanguage\":\"en-US\",\"@id\":\"https:\\\/\\\/www.perfume-week.com\\\/en\\\/#\\\/schema\\\/logo\\\/image\\\/\",\"url\":\"https:\\\/\\\/www.perfume-week.com\\\/wp-content\\\/uploads\\\/2023\\\/12\\\/PARIS_PERFUME_WEEK_BLANC-1.svg\",\"contentUrl\":\"https:\\\/\\\/www.perfume-week.com\\\/wp-content\\\/uploads\\\/2023\\\/12\\\/PARIS_PERFUME_WEEK_BLANC-1.svg\",\"width\":493,\"height\":262,\"caption\":\"Le rendez-vous international du parfum et de la culture olfactive, by Nez\"},\"image\":{\"@id\":\"https:\\\/\\\/www.perfume-week.com\\\/en\\\/#\\\/schema\\\/logo\\\/image\\\/\"},\"sameAs\":[\"https:\\\/\\\/facebook.com\\\/nezarevue\",\"https:\\\/\\\/www.instagram.com\\\/perfumeweek\"]}]}<\/script>\n<!-- \/ Yoast SEO plugin. -->","yoast_head_json":{"title":"Masterclass avec Pissara Umavijani (fondatrice de Dusita) - Perfume Week, by Nez","robots":{"index":"noindex","follow":"follow"},"og_locale":"en_US","og_type":"article","og_title":"Masterclass avec Pissara Umavijani (fondatrice de Dusita) - Perfume Week, by Nez","og_description":"Les visiteurs de la Paris Perfume Week pourront participer \u00e0 une masterclass pour rencontrer Pissara Umavijani, la parfumeuse de Parfums Dusita, afin d&#8217;\u00e9changer avec elle sur son processus cr\u00e9atif et de d\u00e9couvrir son univers olfactif dans un cadre intimiste. Ils pourront aussi d\u00e9couvrir des mati\u00e8res premi\u00e8res sp\u00e9cialement s\u00e9lectionn\u00e9es par la parfumeuse et provenant de son [&hellip;]","og_url":"https:\/\/www.perfume-week.com\/en\/events\/masterclass-avec-pissara-umavijani-fondatrice-de-dusita-5\/","og_site_name":"Perfume Week, by Nez","article_publisher":"https:\/\/facebook.com\/nezarevue","article_modified_time":"2026-04-01T14:43:09+00:00","og_image":[{"width":1000,"height":707,"url":"https:\/\/www.perfume-week.com\/wp-content\/uploads\/2025\/07\/IMAGE_PARIS_PERFUME_WEEK_26_LIGHT.jpg","type":"image\/jpeg"}],"twitter_card":"summary_large_image","twitter_misc":{"Est. reading time":"1 minute"},"schema":{"@context":"https:\/\/schema.org","@graph":[{"@type":"WebPage","@id":"https:\/\/www.perfume-week.com\/en\/events\/masterclass-avec-pissara-umavijani-fondatrice-de-dusita-5\/","url":"https:\/\/www.perfume-week.com\/en\/events\/masterclass-avec-pissara-umavijani-fondatrice-de-dusita-5\/","name":"Masterclass avec Pissara Umavijani (fondatrice de Dusita) - Perfume Week, by Nez","isPartOf":{"@id":"https:\/\/www.perfume-week.com\/en\/#website"},"datePublished":"2026-04-01T14:39:42+00:00","dateModified":"2026-04-01T14:43:09+00:00","breadcrumb":{"@id":"https:\/\/www.perfume-week.com\/en\/events\/masterclass-avec-pissara-umavijani-fondatrice-de-dusita-5\/#breadcrumb"},"inLanguage":"en-US","potentialAction":[{"@type":"ReadAction","target":["https:\/\/www.perfume-week.com\/en\/events\/masterclass-avec-pissara-umavijani-fondatrice-de-dusita-5\/"]}]},{"@type":"BreadcrumbList","@id":"https:\/\/www.perfume-week.com\/en\/events\/masterclass-avec-pissara-umavijani-fondatrice-de-dusita-5\/#breadcrumb","itemListElement":[{"@type":"ListItem","position":1,"name":"Accueil","item":"https:\/\/www.perfume-week.com\/en\/"},{"@type":"ListItem","position":2,"name":"\u00c9v\u00e9nements","item":"https:\/\/www.perfume-week.com\/en\/events\/"},{"@type":"ListItem","position":3,"name":"Masterclass avec Pissara Umavijani (fondatrice de Dusita)"}]},{"@type":"WebSite","@id":"https:\/\/www.perfume-week.com\/en\/#website","url":"https:\/\/www.perfume-week.com\/en\/","name":"Paris Perfume Week, by Nez","description":"The international gathering for perfume and olfactory culture, by Nez","publisher":{"@id":"https:\/\/www.perfume-week.com\/en\/#organization"},"potentialAction":[{"@type":"SearchAction","target":{"@type":"EntryPoint","urlTemplate":"https:\/\/www.perfume-week.com\/en\/?s={search_term_string}"},"query-input":{"@type":"PropertyValueSpecification","valueRequired":true,"valueName":"search_term_string"}}],"inLanguage":"en-US"},{"@type":"Organization","@id":"https:\/\/www.perfume-week.com\/en\/#organization","name":"Le rendez-vous international du parfum et de la culture olfactive, by Nez","url":"https:\/\/www.perfume-week.com\/en\/","logo":{"@type":"ImageObject","inLanguage":"en-US","@id":"https:\/\/www.perfume-week.com\/en\/#\/schema\/logo\/image\/","url":"https:\/\/www.perfume-week.com\/wp-content\/uploads\/2023\/12\/PARIS_PERFUME_WEEK_BLANC-1.svg","contentUrl":"https:\/\/www.perfume-week.com\/wp-content\/uploads\/2023\/12\/PARIS_PERFUME_WEEK_BLANC-1.svg","width":493,"height":262,"caption":"Le rendez-vous international du parfum et de la culture olfactive, by Nez"},"image":{"@id":"https:\/\/www.perfume-week.com\/en\/#\/schema\/logo\/image\/"},"sameAs":["https:\/\/facebook.com\/nezarevue","https:\/\/www.instagram.com\/perfumeweek"]}]}},"_links":{"self":[{"href":"https:\/\/www.perfume-week.com\/en\/wp-json\/wp\/v2\/events\/19813","targetHints":{"allow":["GET"]}}],"collection":[{"href":"https:\/\/www.perfume-week.com\/en\/wp-json\/wp\/v2\/events"}],"about":[{"href":"https:\/\/www.perfume-week.com\/en\/wp-json\/wp\/v2\/types\/events"}],"author":[{"embeddable":true,"href":"https:\/\/www.perfume-week.com\/en\/wp-json\/wp\/v2\/users\/21"}],"wp:attachment":[{"href":"https:\/\/www.perfume-week.com\/en\/wp-json\/wp\/v2\/media?parent=19813"}],"wp:term":[{"taxonomy":"post_tag","embeddable":true,"href":"https:\/\/www.perfume-week.com\/en\/wp-json\/wp\/v2\/tags?post=19813"},{"taxonomy":"annee","embeddable":true,"href":"https:\/\/www.perfume-week.com\/en\/wp-json\/wp\/v2\/annee?post=19813"},{"taxonomy":"pw_dates","embeddable":true,"href":"https:\/\/www.perfume-week.com\/en\/wp-json\/wp\/v2\/pw_dates?post=19813"},{"taxonomy":"event-types","embeddable":true,"href":"https:\/\/www.perfume-week.com\/en\/wp-json\/wp\/v2\/event-types?post=19813"},{"taxonomy":"ville","embeddable":true,"href":"https:\/\/www.perfume-week.com\/en\/wp-json\/wp\/v2\/ville?post=19813"}],"curies":[{"name":"wp","href":"https:\/\/api.w.org\/{rel}","templated":true}]}}

<p>Les visiteurs de la Paris Perfume Week pourront participer à une masterclass pour rencontrer Pissara Umavijani, la parfumeuse de Parfums Dusita, afin d&#8217;échanger avec elle sur son processus créatif et de découvrir son univers olfactif dans un cadre intimiste.</p>



<p>Ils pourront aussi découvrir des matières premières spécialement sélectionnées par la parfumeuse et provenant de son laboratoire pour cette occasion.<br><br><strong>Programme</strong></p>



<p>&#8211; Introduction à la philosophie de Dusita<br>&#8211; Découverte de 5-6 principales matières premières<br>&#8211; Explication étape par étape de la création d&#8217;un parfum<br>&#8211; Storytelling sur l&#8217;inspiration artistique<br>&#8211; Session questions / réponses<br>&#8211; Séance de dédicaces privée facultative</p>



<p>L’inscription se fera à travers notre site internet <a href="http://www.parfumsdusita.com/" target="_blank" rel="noreferrer noopener">www.parfumsdusita.com</a>.</p>



<p></p>

<p>Les visiteurs de la Paris Perfume Week pourront participer à une masterclass pour rencontrer Pissara Umavijani, la parfumeuse de Parfums Dusita, afin d&#8217;échanger avec elle sur son processus créatif et de découvrir son univers olfactif dans un cadre intimiste. Ils pourront aussi découvrir des matières premières spécialement sélectionnées par la parfumeuse et provenant de son [&hellip;]</p>

<!-- This site is optimized with the Yoast SEO plugin v27.5 - https://yoast.com/product/yoast-seo-wordpress/ -->
<title>Masterclass avec Pissara Umavijani (fondatrice de Dusita) - Perfume Week, by Nez</title>
<meta name="robots" content="noindex, follow" />
<meta property="og:locale" content="en_US" />
<meta property="og:type" content="article" />
<meta property="og:title" content="Masterclass avec Pissara Umavijani (fondatrice de Dusita) - Perfume Week, by Nez" />
<meta property="og:description" content="Les visiteurs de la Paris Perfume Week pourront participer à une masterclass pour rencontrer Pissara Umavijani, la parfumeuse de Parfums Dusita, afin d&#8217;échanger avec elle sur son processus créatif et de découvrir son univers olfactif dans un cadre intimiste. Ils pourront aussi découvrir des matières premières spécialement sélectionnées par la parfumeuse et provenant de son [&hellip;]" />
<meta property="og:url" content="https://www.perfume-week.com/en/events/masterclass-avec-pissara-umavijani-fondatrice-de-dusita-5/" />
<meta property="og:site_name" content="Perfume Week, by Nez" />
<meta property="article:publisher" content="https://facebook.com/nezarevue" />
<meta property="article:modified_time" content="2026-04-01T14:43:09+00:00" />
<meta property="og:image" content="https://www.perfume-week.com/wp-content/uploads/2025/07/IMAGE_PARIS_PERFUME_WEEK_26_LIGHT.jpg" />
	<meta property="og:image:width" content="1000" />
	<meta property="og:image:height" content="707" />
	<meta property="og:image:type" content="image/jpeg" />
<meta name="twitter:card" content="summary_large_image" />
<meta name="twitter:label1" content="Est. reading time" />
	<meta name="twitter:data1" content="1 minute" />
<script type="application/ld+json" class="yoast-schema-graph">{"@context":"https:\/\/schema.org","@graph":[{"@type":"WebPage","@id":"https:\/\/www.perfume-week.com\/en\/events\/masterclass-avec-pissara-umavijani-fondatrice-de-dusita-5\/","url":"https:\/\/www.perfume-week.com\/en\/events\/masterclass-avec-pissara-umavijani-fondatrice-de-dusita-5\/","name":"Masterclass avec Pissara Umavijani (fondatrice de Dusita) - Perfume Week, by Nez","isPartOf":{"@id":"https:\/\/www.perfume-week.com\/en\/#website"},"datePublished":"2026-04-01T14:39:42+00:00","dateModified":"2026-04-01T14:43:09+00:00","breadcrumb":{"@id":"https:\/\/www.perfume-week.com\/en\/events\/masterclass-avec-pissara-umavijani-fondatrice-de-dusita-5\/#breadcrumb"},"inLanguage":"en-US","potentialAction":[{"@type":"ReadAction","target":["https:\/\/www.perfume-week.com\/en\/events\/masterclass-avec-pissara-umavijani-fondatrice-de-dusita-5\/"]}]},{"@type":"BreadcrumbList","@id":"https:\/\/www.perfume-week.com\/en\/events\/masterclass-avec-pissara-umavijani-fondatrice-de-dusita-5\/#breadcrumb","itemListElement":[{"@type":"ListItem","position":1,"name":"Accueil","item":"https:\/\/www.perfume-week.com\/en\/"},{"@type":"ListItem","position":2,"name":"Événements","item":"https:\/\/www.perfume-week.com\/en\/events\/"},{"@type":"ListItem","position":3,"name":"Masterclass avec Pissara Umavijani (fondatrice de Dusita)"}]},{"@type":"WebSite","@id":"https:\/\/www.perfume-week.com\/en\/#website","url":"https:\/\/www.perfume-week.com\/en\/","name":"Paris Perfume Week, by Nez","description":"The international gathering for perfume and olfactory culture, by Nez","publisher":{"@id":"https:\/\/www.perfume-week.com\/en\/#organization"},"potentialAction":[{"@type":"SearchAction","target":{"@type":"EntryPoint","urlTemplate":"https:\/\/www.perfume-week.com\/en\/?s={search_term_string}"},"query-input":{"@type":"PropertyValueSpecification","valueRequired":true,"valueName":"search_term_string"}}],"inLanguage":"en-US"},{"@type":"Organization","@id":"https:\/\/www.perfume-week.com\/en\/#organization","name":"Le rendez-vous international du parfum et de la culture olfactive, by Nez","url":"https:\/\/www.perfume-week.com\/en\/","logo":{"@type":"ImageObject","inLanguage":"en-US","@id":"https:\/\/www.perfume-week.com\/en\/#\/schema\/logo\/image\/","url":"https:\/\/www.perfume-week.com\/wp-content\/uploads\/2023\/12\/PARIS_PERFUME_WEEK_BLANC-1.svg","contentUrl":"https:\/\/www.perfume-week.com\/wp-content\/uploads\/2023\/12\/PARIS_PERFUME_WEEK_BLANC-1.svg","width":493,"height":262,"caption":"Le rendez-vous international du parfum et de la culture olfactive, by Nez"},"image":{"@id":"https:\/\/www.perfume-week.com\/en\/#\/schema\/logo\/image\/"},"sameAs":["https:\/\/facebook.com\/nezarevue","https:\/\/www.instagram.com\/perfumeweek"]}]}</script>
<!-- / Yoast SEO plugin. -->

Les visiteurs de la Paris Perfume Week pourront participer à une masterclass pour rencontrer Pissara Umavijani, la parfumeuse de Parfums Dusita, afin d&#8217;échanger avec elle sur son processus créatif et de découvrir son univers olfactif dans un cadre intimiste. Ils pourront aussi découvrir des matières premières spécialement sélectionnées par la parfumeuse et provenant de son [&hellip;]

Événements
