{"id":18740,"date":"2026-03-16T15:31:19","date_gmt":"2026-03-16T14:31:19","guid":{"rendered":"https:\/\/www.perfume-week.com\/?post_type=events&#038;p=18740"},"modified":"2026-03-16T15:46:01","modified_gmt":"2026-03-16T14:46:01","slug":"room-1015-rencontre-avec-michael-partouche-et-jerome-di-marino","status":"publish","type":"events","link":"https:\/\/www.perfume-week.com\/en\/events\/room-1015-rencontre-avec-michael-partouche-et-jerome-di-marino\/","title":{"rendered":"Room 1015 &#8211; Rencontre avec Micha\u00ebl Partouche et J\u00e9r\u00f4me di Marino"},"content":{"rendered":"\n<p>Le vendredi soir, une soir\u00e9e sp\u00e9ciale r\u00e9unira les invit\u00e9s autour de J\u00e9r\u00f4me Di Marino, parfumeur de la marque, qui pr\u00e9sentera l\u2019approche technique et les mati\u00e8res premi\u00e8res de la fragrance <em>Poppy Riot<\/em>. De son c\u00f4t\u00e9, le fondateur Michael Partouche partagera l\u2019histoire de la marque ainsi que l\u2019inspiration cr\u00e9ative de <em>Poppy Riot<\/em> et de sa campagne. <\/p>\n\n\n\n<p>Les visiteurs pourront \u00e9galement faire graver leur parfum Room 1015, disponible \u00e0 l\u2019achat sur place, dans une atmosph\u00e8re conviviale avec musique et drinks. Le pop-up sera habill\u00e9 des visuels de la campagne <em>Poppy Riot<\/em>, mettant en sc\u00e8ne diff\u00e9rents artistes issus de la sc\u00e8ne cr\u00e9ative (illustrateurs, musiciens, danseurs, etc.).<\/p>\n","protected":false},"excerpt":{"rendered":"<p>Le vendredi soir, une soir\u00e9e sp\u00e9ciale r\u00e9unira les invit\u00e9s autour de J\u00e9r\u00f4me Di Marino, parfumeur de la marque, qui pr\u00e9sentera l\u2019approche technique et les mati\u00e8res premi\u00e8res de la fragrance Poppy Riot. De son c\u00f4t\u00e9, le fondateur Michael Partouche partagera l\u2019histoire de la marque ainsi que l\u2019inspiration cr\u00e9ative de Poppy Riot et de sa campagne. Les [&hellip;]<\/p>\n","protected":false},"author":4,"featured_media":0,"template":"","tags":[],"annee":[],"pw_dates":[],"event-types":[181],"ville":[106],"class_list":["post-18740","events","type-events","status-publish","hentry","event-types-paris-perfume-night","ville-paris"],"acf":[],"yoast_head":"<!-- This site is optimized with the Yoast SEO plugin v27.5 - https:\/\/yoast.com\/product\/yoast-seo-wordpress\/ -->\n<title>Room 1015 - Rencontre avec Micha\u00ebl Partouche et J\u00e9r\u00f4me di Marino - Perfume Week, by Nez<\/title>\n<meta name=\"robots\" content=\"noindex, follow\" \/>\n<meta property=\"og:locale\" content=\"en_US\" \/>\n<meta property=\"og:type\" content=\"article\" \/>\n<meta property=\"og:title\" content=\"Room 1015 - Rencontre avec Micha\u00ebl Partouche et J\u00e9r\u00f4me di Marino - Perfume Week, by Nez\" \/>\n<meta property=\"og:description\" content=\"Le vendredi soir, une soir\u00e9e sp\u00e9ciale r\u00e9unira les invit\u00e9s autour de J\u00e9r\u00f4me Di Marino, parfumeur de la marque, qui pr\u00e9sentera l\u2019approche technique et les mati\u00e8res premi\u00e8res de la fragrance Poppy Riot. De son c\u00f4t\u00e9, le fondateur Michael Partouche partagera l\u2019histoire de la marque ainsi que l\u2019inspiration cr\u00e9ative de Poppy Riot et de sa campagne. Les [&hellip;]\" \/>\n<meta property=\"og:url\" content=\"https:\/\/www.perfume-week.com\/en\/events\/room-1015-rencontre-avec-michael-partouche-et-jerome-di-marino\/\" \/>\n<meta property=\"og:site_name\" content=\"Perfume Week, by Nez\" \/>\n<meta property=\"article:publisher\" content=\"https:\/\/facebook.com\/nezarevue\" \/>\n<meta property=\"article:modified_time\" content=\"2026-03-16T14:46:01+00:00\" \/>\n<meta property=\"og:image\" content=\"https:\/\/www.perfume-week.com\/wp-content\/uploads\/2025\/07\/IMAGE_PARIS_PERFUME_WEEK_26_LIGHT.jpg\" \/>\n\t<meta property=\"og:image:width\" content=\"1000\" \/>\n\t<meta property=\"og:image:height\" content=\"707\" \/>\n\t<meta property=\"og:image:type\" content=\"image\/jpeg\" \/>\n<meta name=\"twitter:card\" content=\"summary_large_image\" \/>\n<meta name=\"twitter:label1\" content=\"Est. reading time\" \/>\n\t<meta name=\"twitter:data1\" content=\"1 minute\" \/>\n<script type=\"application\/ld+json\" class=\"yoast-schema-graph\">{\"@context\":\"https:\\\/\\\/schema.org\",\"@graph\":[{\"@type\":\"WebPage\",\"@id\":\"https:\\\/\\\/www.perfume-week.com\\\/en\\\/events\\\/room-1015-rencontre-avec-michael-partouche-et-jerome-di-marino\\\/\",\"url\":\"https:\\\/\\\/www.perfume-week.com\\\/en\\\/events\\\/room-1015-rencontre-avec-michael-partouche-et-jerome-di-marino\\\/\",\"name\":\"Room 1015 - Rencontre avec Micha\u00ebl Partouche et J\u00e9r\u00f4me di Marino - Perfume Week, by Nez\",\"isPartOf\":{\"@id\":\"https:\\\/\\\/www.perfume-week.com\\\/en\\\/#website\"},\"datePublished\":\"2026-03-16T14:31:19+00:00\",\"dateModified\":\"2026-03-16T14:46:01+00:00\",\"breadcrumb\":{\"@id\":\"https:\\\/\\\/www.perfume-week.com\\\/en\\\/events\\\/room-1015-rencontre-avec-michael-partouche-et-jerome-di-marino\\\/#breadcrumb\"},\"inLanguage\":\"en-US\",\"potentialAction\":[{\"@type\":\"ReadAction\",\"target\":[\"https:\\\/\\\/www.perfume-week.com\\\/en\\\/events\\\/room-1015-rencontre-avec-michael-partouche-et-jerome-di-marino\\\/\"]}]},{\"@type\":\"BreadcrumbList\",\"@id\":\"https:\\\/\\\/www.perfume-week.com\\\/en\\\/events\\\/room-1015-rencontre-avec-michael-partouche-et-jerome-di-marino\\\/#breadcrumb\",\"itemListElement\":[{\"@type\":\"ListItem\",\"position\":1,\"name\":\"Accueil\",\"item\":\"https:\\\/\\\/www.perfume-week.com\\\/en\\\/\"},{\"@type\":\"ListItem\",\"position\":2,\"name\":\"\u00c9v\u00e9nements\",\"item\":\"https:\\\/\\\/www.perfume-week.com\\\/en\\\/events\\\/\"},{\"@type\":\"ListItem\",\"position\":3,\"name\":\"Room 1015 &#8211; Rencontre avec Micha\u00ebl Partouche et J\u00e9r\u00f4me di Marino\"}]},{\"@type\":\"WebSite\",\"@id\":\"https:\\\/\\\/www.perfume-week.com\\\/en\\\/#website\",\"url\":\"https:\\\/\\\/www.perfume-week.com\\\/en\\\/\",\"name\":\"Paris Perfume Week, by Nez\",\"description\":\"The international gathering for perfume and olfactory culture, by Nez\",\"publisher\":{\"@id\":\"https:\\\/\\\/www.perfume-week.com\\\/en\\\/#organization\"},\"potentialAction\":[{\"@type\":\"SearchAction\",\"target\":{\"@type\":\"EntryPoint\",\"urlTemplate\":\"https:\\\/\\\/www.perfume-week.com\\\/en\\\/?s={search_term_string}\"},\"query-input\":{\"@type\":\"PropertyValueSpecification\",\"valueRequired\":true,\"valueName\":\"search_term_string\"}}],\"inLanguage\":\"en-US\"},{\"@type\":\"Organization\",\"@id\":\"https:\\\/\\\/www.perfume-week.com\\\/en\\\/#organization\",\"name\":\"Le rendez-vous international du parfum et de la culture olfactive, by Nez\",\"url\":\"https:\\\/\\\/www.perfume-week.com\\\/en\\\/\",\"logo\":{\"@type\":\"ImageObject\",\"inLanguage\":\"en-US\",\"@id\":\"https:\\\/\\\/www.perfume-week.com\\\/en\\\/#\\\/schema\\\/logo\\\/image\\\/\",\"url\":\"https:\\\/\\\/www.perfume-week.com\\\/wp-content\\\/uploads\\\/2023\\\/12\\\/PARIS_PERFUME_WEEK_BLANC-1.svg\",\"contentUrl\":\"https:\\\/\\\/www.perfume-week.com\\\/wp-content\\\/uploads\\\/2023\\\/12\\\/PARIS_PERFUME_WEEK_BLANC-1.svg\",\"width\":493,\"height\":262,\"caption\":\"Le rendez-vous international du parfum et de la culture olfactive, by Nez\"},\"image\":{\"@id\":\"https:\\\/\\\/www.perfume-week.com\\\/en\\\/#\\\/schema\\\/logo\\\/image\\\/\"},\"sameAs\":[\"https:\\\/\\\/facebook.com\\\/nezarevue\",\"https:\\\/\\\/www.instagram.com\\\/perfumeweek\"]}]}<\/script>\n<!-- \/ Yoast SEO plugin. -->","yoast_head_json":{"title":"Room 1015 - Rencontre avec Micha\u00ebl Partouche et J\u00e9r\u00f4me di Marino - Perfume Week, by Nez","robots":{"index":"noindex","follow":"follow"},"og_locale":"en_US","og_type":"article","og_title":"Room 1015 - Rencontre avec Micha\u00ebl Partouche et J\u00e9r\u00f4me di Marino - Perfume Week, by Nez","og_description":"Le vendredi soir, une soir\u00e9e sp\u00e9ciale r\u00e9unira les invit\u00e9s autour de J\u00e9r\u00f4me Di Marino, parfumeur de la marque, qui pr\u00e9sentera l\u2019approche technique et les mati\u00e8res premi\u00e8res de la fragrance Poppy Riot. De son c\u00f4t\u00e9, le fondateur Michael Partouche partagera l\u2019histoire de la marque ainsi que l\u2019inspiration cr\u00e9ative de Poppy Riot et de sa campagne. Les [&hellip;]","og_url":"https:\/\/www.perfume-week.com\/en\/events\/room-1015-rencontre-avec-michael-partouche-et-jerome-di-marino\/","og_site_name":"Perfume Week, by Nez","article_publisher":"https:\/\/facebook.com\/nezarevue","article_modified_time":"2026-03-16T14:46:01+00:00","og_image":[{"width":1000,"height":707,"url":"https:\/\/www.perfume-week.com\/wp-content\/uploads\/2025\/07\/IMAGE_PARIS_PERFUME_WEEK_26_LIGHT.jpg","type":"image\/jpeg"}],"twitter_card":"summary_large_image","twitter_misc":{"Est. reading time":"1 minute"},"schema":{"@context":"https:\/\/schema.org","@graph":[{"@type":"WebPage","@id":"https:\/\/www.perfume-week.com\/en\/events\/room-1015-rencontre-avec-michael-partouche-et-jerome-di-marino\/","url":"https:\/\/www.perfume-week.com\/en\/events\/room-1015-rencontre-avec-michael-partouche-et-jerome-di-marino\/","name":"Room 1015 - Rencontre avec Micha\u00ebl Partouche et J\u00e9r\u00f4me di Marino - Perfume Week, by Nez","isPartOf":{"@id":"https:\/\/www.perfume-week.com\/en\/#website"},"datePublished":"2026-03-16T14:31:19+00:00","dateModified":"2026-03-16T14:46:01+00:00","breadcrumb":{"@id":"https:\/\/www.perfume-week.com\/en\/events\/room-1015-rencontre-avec-michael-partouche-et-jerome-di-marino\/#breadcrumb"},"inLanguage":"en-US","potentialAction":[{"@type":"ReadAction","target":["https:\/\/www.perfume-week.com\/en\/events\/room-1015-rencontre-avec-michael-partouche-et-jerome-di-marino\/"]}]},{"@type":"BreadcrumbList","@id":"https:\/\/www.perfume-week.com\/en\/events\/room-1015-rencontre-avec-michael-partouche-et-jerome-di-marino\/#breadcrumb","itemListElement":[{"@type":"ListItem","position":1,"name":"Accueil","item":"https:\/\/www.perfume-week.com\/en\/"},{"@type":"ListItem","position":2,"name":"\u00c9v\u00e9nements","item":"https:\/\/www.perfume-week.com\/en\/events\/"},{"@type":"ListItem","position":3,"name":"Room 1015 &#8211; Rencontre avec Micha\u00ebl Partouche et J\u00e9r\u00f4me di Marino"}]},{"@type":"WebSite","@id":"https:\/\/www.perfume-week.com\/en\/#website","url":"https:\/\/www.perfume-week.com\/en\/","name":"Paris Perfume Week, by Nez","description":"The international gathering for perfume and olfactory culture, by Nez","publisher":{"@id":"https:\/\/www.perfume-week.com\/en\/#organization"},"potentialAction":[{"@type":"SearchAction","target":{"@type":"EntryPoint","urlTemplate":"https:\/\/www.perfume-week.com\/en\/?s={search_term_string}"},"query-input":{"@type":"PropertyValueSpecification","valueRequired":true,"valueName":"search_term_string"}}],"inLanguage":"en-US"},{"@type":"Organization","@id":"https:\/\/www.perfume-week.com\/en\/#organization","name":"Le rendez-vous international du parfum et de la culture olfactive, by Nez","url":"https:\/\/www.perfume-week.com\/en\/","logo":{"@type":"ImageObject","inLanguage":"en-US","@id":"https:\/\/www.perfume-week.com\/en\/#\/schema\/logo\/image\/","url":"https:\/\/www.perfume-week.com\/wp-content\/uploads\/2023\/12\/PARIS_PERFUME_WEEK_BLANC-1.svg","contentUrl":"https:\/\/www.perfume-week.com\/wp-content\/uploads\/2023\/12\/PARIS_PERFUME_WEEK_BLANC-1.svg","width":493,"height":262,"caption":"Le rendez-vous international du parfum et de la culture olfactive, by Nez"},"image":{"@id":"https:\/\/www.perfume-week.com\/en\/#\/schema\/logo\/image\/"},"sameAs":["https:\/\/facebook.com\/nezarevue","https:\/\/www.instagram.com\/perfumeweek"]}]}},"_links":{"self":[{"href":"https:\/\/www.perfume-week.com\/en\/wp-json\/wp\/v2\/events\/18740","targetHints":{"allow":["GET"]}}],"collection":[{"href":"https:\/\/www.perfume-week.com\/en\/wp-json\/wp\/v2\/events"}],"about":[{"href":"https:\/\/www.perfume-week.com\/en\/wp-json\/wp\/v2\/types\/events"}],"author":[{"embeddable":true,"href":"https:\/\/www.perfume-week.com\/en\/wp-json\/wp\/v2\/users\/4"}],"wp:attachment":[{"href":"https:\/\/www.perfume-week.com\/en\/wp-json\/wp\/v2\/media?parent=18740"}],"wp:term":[{"taxonomy":"post_tag","embeddable":true,"href":"https:\/\/www.perfume-week.com\/en\/wp-json\/wp\/v2\/tags?post=18740"},{"taxonomy":"annee","embeddable":true,"href":"https:\/\/www.perfume-week.com\/en\/wp-json\/wp\/v2\/annee?post=18740"},{"taxonomy":"pw_dates","embeddable":true,"href":"https:\/\/www.perfume-week.com\/en\/wp-json\/wp\/v2\/pw_dates?post=18740"},{"taxonomy":"event-types","embeddable":true,"href":"https:\/\/www.perfume-week.com\/en\/wp-json\/wp\/v2\/event-types?post=18740"},{"taxonomy":"ville","embeddable":true,"href":"https:\/\/www.perfume-week.com\/en\/wp-json\/wp\/v2\/ville?post=18740"}],"curies":[{"name":"wp","href":"https:\/\/api.w.org\/{rel}","templated":true}]}}

Room 1015 &#8211; Rencontre avec Michaël Partouche et Jérôme di Marino

<p>Le vendredi soir, une soirée spéciale réunira les invités autour de Jérôme Di Marino, parfumeur de la marque, qui présentera l’approche technique et les matières premières de la fragrance <em>Poppy Riot</em>. De son côté, le fondateur Michael Partouche partagera l’histoire de la marque ainsi que l’inspiration créative de <em>Poppy Riot</em> et de sa campagne. </p>



<p>Les visiteurs pourront également faire graver leur parfum Room 1015, disponible à l’achat sur place, dans une atmosphère conviviale avec musique et drinks. Le pop-up sera habillé des visuels de la campagne <em>Poppy Riot</em>, mettant en scène différents artistes issus de la scène créative (illustrateurs, musiciens, danseurs, etc.).</p>

<p>Le vendredi soir, une soirée spéciale réunira les invités autour de Jérôme Di Marino, parfumeur de la marque, qui présentera l’approche technique et les matières premières de la fragrance Poppy Riot. De son côté, le fondateur Michael Partouche partagera l’histoire de la marque ainsi que l’inspiration créative de Poppy Riot et de sa campagne. Les [&hellip;]</p>

<!-- This site is optimized with the Yoast SEO plugin v27.5 - https://yoast.com/product/yoast-seo-wordpress/ -->
<title>Room 1015 - Rencontre avec Michaël Partouche et Jérôme di Marino - Perfume Week, by Nez</title>
<meta name="robots" content="noindex, follow" />
<meta property="og:locale" content="en_US" />
<meta property="og:type" content="article" />
<meta property="og:title" content="Room 1015 - Rencontre avec Michaël Partouche et Jérôme di Marino - Perfume Week, by Nez" />
<meta property="og:description" content="Le vendredi soir, une soirée spéciale réunira les invités autour de Jérôme Di Marino, parfumeur de la marque, qui présentera l’approche technique et les matières premières de la fragrance Poppy Riot. De son côté, le fondateur Michael Partouche partagera l’histoire de la marque ainsi que l’inspiration créative de Poppy Riot et de sa campagne. Les [&hellip;]" />
<meta property="og:url" content="https://www.perfume-week.com/en/events/room-1015-rencontre-avec-michael-partouche-et-jerome-di-marino/" />
<meta property="og:site_name" content="Perfume Week, by Nez" />
<meta property="article:publisher" content="https://facebook.com/nezarevue" />
<meta property="article:modified_time" content="2026-03-16T14:46:01+00:00" />
<meta property="og:image" content="https://www.perfume-week.com/wp-content/uploads/2025/07/IMAGE_PARIS_PERFUME_WEEK_26_LIGHT.jpg" />
	<meta property="og:image:width" content="1000" />
	<meta property="og:image:height" content="707" />
	<meta property="og:image:type" content="image/jpeg" />
<meta name="twitter:card" content="summary_large_image" />
<meta name="twitter:label1" content="Est. reading time" />
	<meta name="twitter:data1" content="1 minute" />
<script type="application/ld+json" class="yoast-schema-graph">{"@context":"https:\/\/schema.org","@graph":[{"@type":"WebPage","@id":"https:\/\/www.perfume-week.com\/en\/events\/room-1015-rencontre-avec-michael-partouche-et-jerome-di-marino\/","url":"https:\/\/www.perfume-week.com\/en\/events\/room-1015-rencontre-avec-michael-partouche-et-jerome-di-marino\/","name":"Room 1015 - Rencontre avec Michaël Partouche et Jérôme di Marino - Perfume Week, by Nez","isPartOf":{"@id":"https:\/\/www.perfume-week.com\/en\/#website"},"datePublished":"2026-03-16T14:31:19+00:00","dateModified":"2026-03-16T14:46:01+00:00","breadcrumb":{"@id":"https:\/\/www.perfume-week.com\/en\/events\/room-1015-rencontre-avec-michael-partouche-et-jerome-di-marino\/#breadcrumb"},"inLanguage":"en-US","potentialAction":[{"@type":"ReadAction","target":["https:\/\/www.perfume-week.com\/en\/events\/room-1015-rencontre-avec-michael-partouche-et-jerome-di-marino\/"]}]},{"@type":"BreadcrumbList","@id":"https:\/\/www.perfume-week.com\/en\/events\/room-1015-rencontre-avec-michael-partouche-et-jerome-di-marino\/#breadcrumb","itemListElement":[{"@type":"ListItem","position":1,"name":"Accueil","item":"https:\/\/www.perfume-week.com\/en\/"},{"@type":"ListItem","position":2,"name":"Événements","item":"https:\/\/www.perfume-week.com\/en\/events\/"},{"@type":"ListItem","position":3,"name":"Room 1015 &#8211; Rencontre avec Michaël Partouche et Jérôme di Marino"}]},{"@type":"WebSite","@id":"https:\/\/www.perfume-week.com\/en\/#website","url":"https:\/\/www.perfume-week.com\/en\/","name":"Paris Perfume Week, by Nez","description":"The international gathering for perfume and olfactory culture, by Nez","publisher":{"@id":"https:\/\/www.perfume-week.com\/en\/#organization"},"potentialAction":[{"@type":"SearchAction","target":{"@type":"EntryPoint","urlTemplate":"https:\/\/www.perfume-week.com\/en\/?s={search_term_string}"},"query-input":{"@type":"PropertyValueSpecification","valueRequired":true,"valueName":"search_term_string"}}],"inLanguage":"en-US"},{"@type":"Organization","@id":"https:\/\/www.perfume-week.com\/en\/#organization","name":"Le rendez-vous international du parfum et de la culture olfactive, by Nez","url":"https:\/\/www.perfume-week.com\/en\/","logo":{"@type":"ImageObject","inLanguage":"en-US","@id":"https:\/\/www.perfume-week.com\/en\/#\/schema\/logo\/image\/","url":"https:\/\/www.perfume-week.com\/wp-content\/uploads\/2023\/12\/PARIS_PERFUME_WEEK_BLANC-1.svg","contentUrl":"https:\/\/www.perfume-week.com\/wp-content\/uploads\/2023\/12\/PARIS_PERFUME_WEEK_BLANC-1.svg","width":493,"height":262,"caption":"Le rendez-vous international du parfum et de la culture olfactive, by Nez"},"image":{"@id":"https:\/\/www.perfume-week.com\/en\/#\/schema\/logo\/image\/"},"sameAs":["https:\/\/facebook.com\/nezarevue","https:\/\/www.instagram.com\/perfumeweek"]}]}</script>
<!-- / Yoast SEO plugin. -->

Room 1015 - Rencontre avec Michaël Partouche et Jérôme di Marino - Perfume Week, by Nez

Le vendredi soir, une soirée spéciale réunira les invités autour de Jérôme Di Marino, parfumeur de la marque, qui présentera l’approche technique et les matières premières de la fragrance Poppy Riot. De son côté, le fondateur Michael Partouche partagera l’histoire de la marque ainsi que l’inspiration créative de Poppy Riot et de sa campagne. Les [&hellip;]

Événements
