{"id":17134,"date":"2026-02-02T16:57:04","date_gmt":"2026-02-02T15:57:04","guid":{"rendered":"https:\/\/www.perfume-week.com\/?post_type=events&#038;p=17134"},"modified":"2026-03-24T12:40:03","modified_gmt":"2026-03-24T11:40:03","slug":"lempreinte-des-grands-maitres","status":"publish","type":"events","link":"https:\/\/www.perfume-week.com\/en\/events\/lempreinte-des-grands-maitres\/","title":{"rendered":"Le fruit en parfumerie : une tendance et un d\u00e9fi technique"},"content":{"rendered":"\n<p>Longtemps associ\u00e9es \u00e0 la parfumerie fonctionnelle ou bien jou\u00e9es en mineur dans des fragrances&nbsp;<em>mass market<\/em>, les notes fruit\u00e9es acc\u00e8dent aujourd\u2019hui aux premiers r\u00f4les dans des cr\u00e9ations de haute parfumerie. Une mont\u00e9e en gamme port\u00e9e par un nouveau genre d\u2019extraits naturels innovants, qui permettent de conjuguer le registre fruit\u00e9 \u00e0 des attentes toujours plus fortes de naturalit\u00e9.&nbsp;<\/p>\n","protected":false},"excerpt":{"rendered":"<p>Longtemps associ\u00e9es \u00e0 la parfumerie fonctionnelle ou bien jou\u00e9es en mineur dans des fragrances&nbsp;mass market, les notes fruit\u00e9es acc\u00e8dent aujourd\u2019hui aux premiers r\u00f4les dans des cr\u00e9ations de haute parfumerie. Une mont\u00e9e en gamme port\u00e9e par un nouveau genre d\u2019extraits naturels innovants, qui permettent de conjuguer le registre fruit\u00e9 \u00e0 des attentes toujours plus fortes de [&hellip;]<\/p>\n","protected":false},"author":21,"featured_media":0,"template":"","tags":[],"annee":[165],"pw_dates":[166],"event-types":[49],"ville":[106],"class_list":["post-17134","events","type-events","status-publish","hentry","annee-165","pw_dates-26-09-jeudi","event-types-smell-talks-bastille-design-center","ville-paris"],"acf":[],"yoast_head":"<!-- This site is optimized with the Yoast SEO plugin v27.5 - https:\/\/yoast.com\/product\/yoast-seo-wordpress\/ -->\n<title>Le fruit en parfumerie : une tendance et un d\u00e9fi technique - Perfume Week, by Nez<\/title>\n<meta name=\"robots\" content=\"noindex, follow\" \/>\n<meta property=\"og:locale\" content=\"en_US\" \/>\n<meta property=\"og:type\" content=\"article\" \/>\n<meta property=\"og:title\" content=\"Le fruit en parfumerie : une tendance et un d\u00e9fi technique - Perfume Week, by Nez\" \/>\n<meta property=\"og:description\" content=\"Longtemps associ\u00e9es \u00e0 la parfumerie fonctionnelle ou bien jou\u00e9es en mineur dans des fragrances&nbsp;mass market, les notes fruit\u00e9es acc\u00e8dent aujourd\u2019hui aux premiers r\u00f4les dans des cr\u00e9ations de haute parfumerie. Une mont\u00e9e en gamme port\u00e9e par un nouveau genre d\u2019extraits naturels innovants, qui permettent de conjuguer le registre fruit\u00e9 \u00e0 des attentes toujours plus fortes de [&hellip;]\" \/>\n<meta property=\"og:url\" content=\"https:\/\/www.perfume-week.com\/en\/events\/lempreinte-des-grands-maitres\/\" \/>\n<meta property=\"og:site_name\" content=\"Perfume Week, by Nez\" \/>\n<meta property=\"article:publisher\" content=\"https:\/\/facebook.com\/nezarevue\" \/>\n<meta property=\"article:modified_time\" content=\"2026-03-24T11:40:03+00:00\" \/>\n<meta property=\"og:image\" content=\"https:\/\/www.perfume-week.com\/wp-content\/uploads\/2025\/07\/IMAGE_PARIS_PERFUME_WEEK_26_LIGHT.jpg\" \/>\n\t<meta property=\"og:image:width\" content=\"1000\" \/>\n\t<meta property=\"og:image:height\" content=\"707\" \/>\n\t<meta property=\"og:image:type\" content=\"image\/jpeg\" \/>\n<meta name=\"twitter:card\" content=\"summary_large_image\" \/>\n<meta name=\"twitter:label1\" content=\"Est. reading time\" \/>\n\t<meta name=\"twitter:data1\" content=\"1 minute\" \/>\n<script type=\"application\/ld+json\" class=\"yoast-schema-graph\">{\"@context\":\"https:\\\/\\\/schema.org\",\"@graph\":[{\"@type\":\"WebPage\",\"@id\":\"https:\\\/\\\/www.perfume-week.com\\\/en\\\/events\\\/lempreinte-des-grands-maitres\\\/\",\"url\":\"https:\\\/\\\/www.perfume-week.com\\\/en\\\/events\\\/lempreinte-des-grands-maitres\\\/\",\"name\":\"Le fruit en parfumerie : une tendance et un d\u00e9fi technique - Perfume Week, by Nez\",\"isPartOf\":{\"@id\":\"https:\\\/\\\/www.perfume-week.com\\\/en\\\/#website\"},\"datePublished\":\"2026-02-02T15:57:04+00:00\",\"dateModified\":\"2026-03-24T11:40:03+00:00\",\"breadcrumb\":{\"@id\":\"https:\\\/\\\/www.perfume-week.com\\\/en\\\/events\\\/lempreinte-des-grands-maitres\\\/#breadcrumb\"},\"inLanguage\":\"en-US\",\"potentialAction\":[{\"@type\":\"ReadAction\",\"target\":[\"https:\\\/\\\/www.perfume-week.com\\\/en\\\/events\\\/lempreinte-des-grands-maitres\\\/\"]}]},{\"@type\":\"BreadcrumbList\",\"@id\":\"https:\\\/\\\/www.perfume-week.com\\\/en\\\/events\\\/lempreinte-des-grands-maitres\\\/#breadcrumb\",\"itemListElement\":[{\"@type\":\"ListItem\",\"position\":1,\"name\":\"Accueil\",\"item\":\"https:\\\/\\\/www.perfume-week.com\\\/en\\\/\"},{\"@type\":\"ListItem\",\"position\":2,\"name\":\"\u00c9v\u00e9nements\",\"item\":\"https:\\\/\\\/www.perfume-week.com\\\/en\\\/events\\\/\"},{\"@type\":\"ListItem\",\"position\":3,\"name\":\"Le fruit en parfumerie : une tendance et un d\u00e9fi technique\"}]},{\"@type\":\"WebSite\",\"@id\":\"https:\\\/\\\/www.perfume-week.com\\\/en\\\/#website\",\"url\":\"https:\\\/\\\/www.perfume-week.com\\\/en\\\/\",\"name\":\"Paris Perfume Week, by Nez\",\"description\":\"The international gathering for perfume and olfactory culture, by Nez\",\"publisher\":{\"@id\":\"https:\\\/\\\/www.perfume-week.com\\\/en\\\/#organization\"},\"potentialAction\":[{\"@type\":\"SearchAction\",\"target\":{\"@type\":\"EntryPoint\",\"urlTemplate\":\"https:\\\/\\\/www.perfume-week.com\\\/en\\\/?s={search_term_string}\"},\"query-input\":{\"@type\":\"PropertyValueSpecification\",\"valueRequired\":true,\"valueName\":\"search_term_string\"}}],\"inLanguage\":\"en-US\"},{\"@type\":\"Organization\",\"@id\":\"https:\\\/\\\/www.perfume-week.com\\\/en\\\/#organization\",\"name\":\"Le rendez-vous international du parfum et de la culture olfactive, by Nez\",\"url\":\"https:\\\/\\\/www.perfume-week.com\\\/en\\\/\",\"logo\":{\"@type\":\"ImageObject\",\"inLanguage\":\"en-US\",\"@id\":\"https:\\\/\\\/www.perfume-week.com\\\/en\\\/#\\\/schema\\\/logo\\\/image\\\/\",\"url\":\"https:\\\/\\\/www.perfume-week.com\\\/wp-content\\\/uploads\\\/2023\\\/12\\\/PARIS_PERFUME_WEEK_BLANC-1.svg\",\"contentUrl\":\"https:\\\/\\\/www.perfume-week.com\\\/wp-content\\\/uploads\\\/2023\\\/12\\\/PARIS_PERFUME_WEEK_BLANC-1.svg\",\"width\":493,\"height\":262,\"caption\":\"Le rendez-vous international du parfum et de la culture olfactive, by Nez\"},\"image\":{\"@id\":\"https:\\\/\\\/www.perfume-week.com\\\/en\\\/#\\\/schema\\\/logo\\\/image\\\/\"},\"sameAs\":[\"https:\\\/\\\/facebook.com\\\/nezarevue\",\"https:\\\/\\\/www.instagram.com\\\/perfumeweek\"]}]}<\/script>\n<!-- \/ Yoast SEO plugin. -->","yoast_head_json":{"title":"Le fruit en parfumerie : une tendance et un d\u00e9fi technique - Perfume Week, by Nez","robots":{"index":"noindex","follow":"follow"},"og_locale":"en_US","og_type":"article","og_title":"Le fruit en parfumerie : une tendance et un d\u00e9fi technique - Perfume Week, by Nez","og_description":"Longtemps associ\u00e9es \u00e0 la parfumerie fonctionnelle ou bien jou\u00e9es en mineur dans des fragrances&nbsp;mass market, les notes fruit\u00e9es acc\u00e8dent aujourd\u2019hui aux premiers r\u00f4les dans des cr\u00e9ations de haute parfumerie. Une mont\u00e9e en gamme port\u00e9e par un nouveau genre d\u2019extraits naturels innovants, qui permettent de conjuguer le registre fruit\u00e9 \u00e0 des attentes toujours plus fortes de [&hellip;]","og_url":"https:\/\/www.perfume-week.com\/en\/events\/lempreinte-des-grands-maitres\/","og_site_name":"Perfume Week, by Nez","article_publisher":"https:\/\/facebook.com\/nezarevue","article_modified_time":"2026-03-24T11:40:03+00:00","og_image":[{"width":1000,"height":707,"url":"https:\/\/www.perfume-week.com\/wp-content\/uploads\/2025\/07\/IMAGE_PARIS_PERFUME_WEEK_26_LIGHT.jpg","type":"image\/jpeg"}],"twitter_card":"summary_large_image","twitter_misc":{"Est. reading time":"1 minute"},"schema":{"@context":"https:\/\/schema.org","@graph":[{"@type":"WebPage","@id":"https:\/\/www.perfume-week.com\/en\/events\/lempreinte-des-grands-maitres\/","url":"https:\/\/www.perfume-week.com\/en\/events\/lempreinte-des-grands-maitres\/","name":"Le fruit en parfumerie : une tendance et un d\u00e9fi technique - Perfume Week, by Nez","isPartOf":{"@id":"https:\/\/www.perfume-week.com\/en\/#website"},"datePublished":"2026-02-02T15:57:04+00:00","dateModified":"2026-03-24T11:40:03+00:00","breadcrumb":{"@id":"https:\/\/www.perfume-week.com\/en\/events\/lempreinte-des-grands-maitres\/#breadcrumb"},"inLanguage":"en-US","potentialAction":[{"@type":"ReadAction","target":["https:\/\/www.perfume-week.com\/en\/events\/lempreinte-des-grands-maitres\/"]}]},{"@type":"BreadcrumbList","@id":"https:\/\/www.perfume-week.com\/en\/events\/lempreinte-des-grands-maitres\/#breadcrumb","itemListElement":[{"@type":"ListItem","position":1,"name":"Accueil","item":"https:\/\/www.perfume-week.com\/en\/"},{"@type":"ListItem","position":2,"name":"\u00c9v\u00e9nements","item":"https:\/\/www.perfume-week.com\/en\/events\/"},{"@type":"ListItem","position":3,"name":"Le fruit en parfumerie : une tendance et un d\u00e9fi technique"}]},{"@type":"WebSite","@id":"https:\/\/www.perfume-week.com\/en\/#website","url":"https:\/\/www.perfume-week.com\/en\/","name":"Paris Perfume Week, by Nez","description":"The international gathering for perfume and olfactory culture, by Nez","publisher":{"@id":"https:\/\/www.perfume-week.com\/en\/#organization"},"potentialAction":[{"@type":"SearchAction","target":{"@type":"EntryPoint","urlTemplate":"https:\/\/www.perfume-week.com\/en\/?s={search_term_string}"},"query-input":{"@type":"PropertyValueSpecification","valueRequired":true,"valueName":"search_term_string"}}],"inLanguage":"en-US"},{"@type":"Organization","@id":"https:\/\/www.perfume-week.com\/en\/#organization","name":"Le rendez-vous international du parfum et de la culture olfactive, by Nez","url":"https:\/\/www.perfume-week.com\/en\/","logo":{"@type":"ImageObject","inLanguage":"en-US","@id":"https:\/\/www.perfume-week.com\/en\/#\/schema\/logo\/image\/","url":"https:\/\/www.perfume-week.com\/wp-content\/uploads\/2023\/12\/PARIS_PERFUME_WEEK_BLANC-1.svg","contentUrl":"https:\/\/www.perfume-week.com\/wp-content\/uploads\/2023\/12\/PARIS_PERFUME_WEEK_BLANC-1.svg","width":493,"height":262,"caption":"Le rendez-vous international du parfum et de la culture olfactive, by Nez"},"image":{"@id":"https:\/\/www.perfume-week.com\/en\/#\/schema\/logo\/image\/"},"sameAs":["https:\/\/facebook.com\/nezarevue","https:\/\/www.instagram.com\/perfumeweek"]}]}},"_links":{"self":[{"href":"https:\/\/www.perfume-week.com\/en\/wp-json\/wp\/v2\/events\/17134","targetHints":{"allow":["GET"]}}],"collection":[{"href":"https:\/\/www.perfume-week.com\/en\/wp-json\/wp\/v2\/events"}],"about":[{"href":"https:\/\/www.perfume-week.com\/en\/wp-json\/wp\/v2\/types\/events"}],"author":[{"embeddable":true,"href":"https:\/\/www.perfume-week.com\/en\/wp-json\/wp\/v2\/users\/21"}],"wp:attachment":[{"href":"https:\/\/www.perfume-week.com\/en\/wp-json\/wp\/v2\/media?parent=17134"}],"wp:term":[{"taxonomy":"post_tag","embeddable":true,"href":"https:\/\/www.perfume-week.com\/en\/wp-json\/wp\/v2\/tags?post=17134"},{"taxonomy":"annee","embeddable":true,"href":"https:\/\/www.perfume-week.com\/en\/wp-json\/wp\/v2\/annee?post=17134"},{"taxonomy":"pw_dates","embeddable":true,"href":"https:\/\/www.perfume-week.com\/en\/wp-json\/wp\/v2\/pw_dates?post=17134"},{"taxonomy":"event-types","embeddable":true,"href":"https:\/\/www.perfume-week.com\/en\/wp-json\/wp\/v2\/event-types?post=17134"},{"taxonomy":"ville","embeddable":true,"href":"https:\/\/www.perfume-week.com\/en\/wp-json\/wp\/v2\/ville?post=17134"}],"curies":[{"name":"wp","href":"https:\/\/api.w.org\/{rel}","templated":true}]}}

Le fruit en parfumerie : une tendance et un défi technique

<p>Longtemps associées à la parfumerie fonctionnelle ou bien jouées en mineur dans des fragrances&nbsp;<em>mass market</em>, les notes fruitées accèdent aujourd’hui aux premiers rôles dans des créations de haute parfumerie. Une montée en gamme portée par un nouveau genre d’extraits naturels innovants, qui permettent de conjuguer le registre fruité à des attentes toujours plus fortes de naturalité.&nbsp;</p>

<p>Longtemps associées à la parfumerie fonctionnelle ou bien jouées en mineur dans des fragrances&nbsp;mass market, les notes fruitées accèdent aujourd’hui aux premiers rôles dans des créations de haute parfumerie. Une montée en gamme portée par un nouveau genre d’extraits naturels innovants, qui permettent de conjuguer le registre fruité à des attentes toujours plus fortes de [&hellip;]</p>

<!-- This site is optimized with the Yoast SEO plugin v27.5 - https://yoast.com/product/yoast-seo-wordpress/ -->
<title>Le fruit en parfumerie : une tendance et un défi technique - Perfume Week, by Nez</title>
<meta name="robots" content="noindex, follow" />
<meta property="og:locale" content="en_US" />
<meta property="og:type" content="article" />
<meta property="og:title" content="Le fruit en parfumerie : une tendance et un défi technique - Perfume Week, by Nez" />
<meta property="og:description" content="Longtemps associées à la parfumerie fonctionnelle ou bien jouées en mineur dans des fragrances&nbsp;mass market, les notes fruitées accèdent aujourd’hui aux premiers rôles dans des créations de haute parfumerie. Une montée en gamme portée par un nouveau genre d’extraits naturels innovants, qui permettent de conjuguer le registre fruité à des attentes toujours plus fortes de [&hellip;]" />
<meta property="og:url" content="https://www.perfume-week.com/en/events/lempreinte-des-grands-maitres/" />
<meta property="og:site_name" content="Perfume Week, by Nez" />
<meta property="article:publisher" content="https://facebook.com/nezarevue" />
<meta property="article:modified_time" content="2026-03-24T11:40:03+00:00" />
<meta property="og:image" content="https://www.perfume-week.com/wp-content/uploads/2025/07/IMAGE_PARIS_PERFUME_WEEK_26_LIGHT.jpg" />
	<meta property="og:image:width" content="1000" />
	<meta property="og:image:height" content="707" />
	<meta property="og:image:type" content="image/jpeg" />
<meta name="twitter:card" content="summary_large_image" />
<meta name="twitter:label1" content="Est. reading time" />
	<meta name="twitter:data1" content="1 minute" />
<script type="application/ld+json" class="yoast-schema-graph">{"@context":"https:\/\/schema.org","@graph":[{"@type":"WebPage","@id":"https:\/\/www.perfume-week.com\/en\/events\/lempreinte-des-grands-maitres\/","url":"https:\/\/www.perfume-week.com\/en\/events\/lempreinte-des-grands-maitres\/","name":"Le fruit en parfumerie : une tendance et un défi technique - Perfume Week, by Nez","isPartOf":{"@id":"https:\/\/www.perfume-week.com\/en\/#website"},"datePublished":"2026-02-02T15:57:04+00:00","dateModified":"2026-03-24T11:40:03+00:00","breadcrumb":{"@id":"https:\/\/www.perfume-week.com\/en\/events\/lempreinte-des-grands-maitres\/#breadcrumb"},"inLanguage":"en-US","potentialAction":[{"@type":"ReadAction","target":["https:\/\/www.perfume-week.com\/en\/events\/lempreinte-des-grands-maitres\/"]}]},{"@type":"BreadcrumbList","@id":"https:\/\/www.perfume-week.com\/en\/events\/lempreinte-des-grands-maitres\/#breadcrumb","itemListElement":[{"@type":"ListItem","position":1,"name":"Accueil","item":"https:\/\/www.perfume-week.com\/en\/"},{"@type":"ListItem","position":2,"name":"Événements","item":"https:\/\/www.perfume-week.com\/en\/events\/"},{"@type":"ListItem","position":3,"name":"Le fruit en parfumerie : une tendance et un défi technique"}]},{"@type":"WebSite","@id":"https:\/\/www.perfume-week.com\/en\/#website","url":"https:\/\/www.perfume-week.com\/en\/","name":"Paris Perfume Week, by Nez","description":"The international gathering for perfume and olfactory culture, by Nez","publisher":{"@id":"https:\/\/www.perfume-week.com\/en\/#organization"},"potentialAction":[{"@type":"SearchAction","target":{"@type":"EntryPoint","urlTemplate":"https:\/\/www.perfume-week.com\/en\/?s={search_term_string}"},"query-input":{"@type":"PropertyValueSpecification","valueRequired":true,"valueName":"search_term_string"}}],"inLanguage":"en-US"},{"@type":"Organization","@id":"https:\/\/www.perfume-week.com\/en\/#organization","name":"Le rendez-vous international du parfum et de la culture olfactive, by Nez","url":"https:\/\/www.perfume-week.com\/en\/","logo":{"@type":"ImageObject","inLanguage":"en-US","@id":"https:\/\/www.perfume-week.com\/en\/#\/schema\/logo\/image\/","url":"https:\/\/www.perfume-week.com\/wp-content\/uploads\/2023\/12\/PARIS_PERFUME_WEEK_BLANC-1.svg","contentUrl":"https:\/\/www.perfume-week.com\/wp-content\/uploads\/2023\/12\/PARIS_PERFUME_WEEK_BLANC-1.svg","width":493,"height":262,"caption":"Le rendez-vous international du parfum et de la culture olfactive, by Nez"},"image":{"@id":"https:\/\/www.perfume-week.com\/en\/#\/schema\/logo\/image\/"},"sameAs":["https:\/\/facebook.com\/nezarevue","https:\/\/www.instagram.com\/perfumeweek"]}]}</script>
<!-- / Yoast SEO plugin. -->

Le fruit en parfumerie : une tendance et un défi technique - Perfume Week, by Nez

Longtemps associées à la parfumerie fonctionnelle ou bien jouées en mineur dans des fragrances&nbsp;mass market, les notes fruitées accèdent aujourd’hui aux premiers rôles dans des créations de haute parfumerie. Une montée en gamme portée par un nouveau genre d’extraits naturels innovants, qui permettent de conjuguer le registre fruité à des attentes toujours plus fortes de [&hellip;]

Événements
