{"id":13607,"date":"2025-08-17T17:16:43","date_gmt":"2025-08-17T15:16:43","guid":{"rendered":"https:\/\/www.perfume-week.com\/entities\/le-gout-de-peau\/"},"modified":"2026-01-13T12:38:33","modified_gmt":"2026-01-13T11:38:33","slug":"le-gout-de-peau","status":"publish","type":"entities","link":"https:\/\/www.perfume-week.com\/en\/entities\/le-gout-de-peau\/","title":{"rendered":"Le go\u00fbt de peau"},"content":{"rendered":"\n<p>Le go\u00fbt de peau, fond\u00e9 en 2021,\u00a0 qui se consacre \u00e0 la cr\u00e9ation d&#8217;exp\u00e9riences olfactives uniques. Nous mettons en avant les concepts de parfums orientale de genre et de cr\u00e9ation durable, en nous appuyant sur une diversit\u00e9 d&#8217;ingr\u00e9dients locaux et distinctive.<\/p>\n\n\n\n<p>Chacun de nos parfums transmet l&#8217;essence de la culture Est-Asiatique, explorant par l&#8217;olfaction la mani\u00e8re dont les individus per\u00e7oivent le monde. Chez Le go\u00fbt de peau, nous croyons que le parfum d\u00e9passe la simple jouissance olfactive ; il constitue une qu\u00eate spirituelle. Nous puisons avidement l&#8217;inspiration dans les d\u00e9couvertes et les exp\u00e9riences de nos voyages, alli\u00e9es \u00e0 une passion profonde pour les cultures anciennes et myst\u00e9rieuses. Ces \u00e9l\u00e9ments nourrissent notre processus cr\u00e9atif. Nos cr\u00e9ations olfactives aspirent \u00e0 atteindre des profondeurs et des dimensions po\u00e9tiques que la vision ne peut saisir.<\/p>\n","protected":false},"featured_media":13657,"parent":0,"template":"","annee":[165],"comptoir-niche-by-nez":[],"partner-types":[56],"ville":[161,164],"class_list":["post-13607","entities","type-entities","status-publish","has-post-thumbnail","hentry","annee-165","partner-types-exhibitors","ville-paris-en","ville-paris-shanghai-en"],"acf":[],"yoast_head":"<!-- This site is optimized with the Yoast SEO plugin v27.5 - https:\/\/yoast.com\/product\/yoast-seo-wordpress\/ -->\n<title>Le go\u00fbt de peau - Perfume Week, by Nez<\/title>\n<meta name=\"robots\" content=\"index, follow, max-snippet:-1, max-image-preview:large, max-video-preview:-1\" \/>\n<link rel=\"canonical\" href=\"https:\/\/www.perfume-week.com\/en\/entities\/le-gout-de-peau\/\" \/>\n<meta property=\"og:locale\" content=\"en_US\" \/>\n<meta property=\"og:type\" content=\"article\" \/>\n<meta property=\"og:title\" content=\"Le go\u00fbt de peau - Perfume Week, by Nez\" \/>\n<meta property=\"og:description\" content=\"Le go\u00fbt de peau, fond\u00e9 en 2021,\u00a0 qui se consacre \u00e0 la cr\u00e9ation d&#8217;exp\u00e9riences olfactives uniques. Nous mettons en avant les concepts de parfums orientale de genre et de cr\u00e9ation durable, en nous appuyant sur une diversit\u00e9 d&#8217;ingr\u00e9dients locaux et distinctive. Chacun de nos parfums transmet l&#8217;essence de la culture Est-Asiatique, explorant par l&#8217;olfaction la [&hellip;]\" \/>\n<meta property=\"og:url\" content=\"https:\/\/www.perfume-week.com\/en\/entities\/le-gout-de-peau\/\" \/>\n<meta property=\"og:site_name\" content=\"Perfume Week, by Nez\" \/>\n<meta property=\"article:publisher\" content=\"https:\/\/facebook.com\/nezarevue\" \/>\n<meta property=\"article:modified_time\" content=\"2026-01-13T11:38:33+00:00\" \/>\n<meta property=\"og:image\" content=\"https:\/\/www.perfume-week.com\/wp-content\/uploads\/2025\/08\/Le_gout_de_peau_logo-scaled.png\" \/>\n\t<meta property=\"og:image:width\" content=\"2048\" \/>\n\t<meta property=\"og:image:height\" content=\"2048\" \/>\n\t<meta property=\"og:image:type\" content=\"image\/png\" \/>\n<meta name=\"twitter:card\" content=\"summary_large_image\" \/>\n<meta name=\"twitter:label1\" content=\"Est. reading time\" \/>\n\t<meta name=\"twitter:data1\" content=\"1 minute\" \/>\n<script type=\"application\/ld+json\" class=\"yoast-schema-graph\">{\"@context\":\"https:\\\/\\\/schema.org\",\"@graph\":[{\"@type\":\"WebPage\",\"@id\":\"https:\\\/\\\/www.perfume-week.com\\\/en\\\/entities\\\/le-gout-de-peau\\\/\",\"url\":\"https:\\\/\\\/www.perfume-week.com\\\/en\\\/entities\\\/le-gout-de-peau\\\/\",\"name\":\"Le go\u00fbt de peau - Perfume Week, by Nez\",\"isPartOf\":{\"@id\":\"https:\\\/\\\/www.perfume-week.com\\\/en\\\/#website\"},\"primaryImageOfPage\":{\"@id\":\"https:\\\/\\\/www.perfume-week.com\\\/en\\\/entities\\\/le-gout-de-peau\\\/#primaryimage\"},\"image\":{\"@id\":\"https:\\\/\\\/www.perfume-week.com\\\/en\\\/entities\\\/le-gout-de-peau\\\/#primaryimage\"},\"thumbnailUrl\":\"https:\\\/\\\/www.perfume-week.com\\\/wp-content\\\/uploads\\\/2025\\\/08\\\/Le_gout_de_peau_logo-scaled.png\",\"datePublished\":\"2025-08-17T15:16:43+00:00\",\"dateModified\":\"2026-01-13T11:38:33+00:00\",\"breadcrumb\":{\"@id\":\"https:\\\/\\\/www.perfume-week.com\\\/en\\\/entities\\\/le-gout-de-peau\\\/#breadcrumb\"},\"inLanguage\":\"en-US\",\"potentialAction\":[{\"@type\":\"ReadAction\",\"target\":[\"https:\\\/\\\/www.perfume-week.com\\\/en\\\/entities\\\/le-gout-de-peau\\\/\"]}]},{\"@type\":\"ImageObject\",\"inLanguage\":\"en-US\",\"@id\":\"https:\\\/\\\/www.perfume-week.com\\\/en\\\/entities\\\/le-gout-de-peau\\\/#primaryimage\",\"url\":\"https:\\\/\\\/www.perfume-week.com\\\/wp-content\\\/uploads\\\/2025\\\/08\\\/Le_gout_de_peau_logo-scaled.png\",\"contentUrl\":\"https:\\\/\\\/www.perfume-week.com\\\/wp-content\\\/uploads\\\/2025\\\/08\\\/Le_gout_de_peau_logo-scaled.png\",\"width\":2048,\"height\":2048},{\"@type\":\"BreadcrumbList\",\"@id\":\"https:\\\/\\\/www.perfume-week.com\\\/en\\\/entities\\\/le-gout-de-peau\\\/#breadcrumb\",\"itemListElement\":[{\"@type\":\"ListItem\",\"position\":1,\"name\":\"Accueil\",\"item\":\"https:\\\/\\\/www.perfume-week.com\\\/en\\\/\"},{\"@type\":\"ListItem\",\"position\":2,\"name\":\"entit\u00e9s\",\"item\":\"https:\\\/\\\/www.perfume-week.com\\\/en\\\/entities\\\/\"},{\"@type\":\"ListItem\",\"position\":3,\"name\":\"Le go\u00fbt de peau\"}]},{\"@type\":\"WebSite\",\"@id\":\"https:\\\/\\\/www.perfume-week.com\\\/en\\\/#website\",\"url\":\"https:\\\/\\\/www.perfume-week.com\\\/en\\\/\",\"name\":\"Paris Perfume Week, by Nez\",\"description\":\"The international gathering for perfume and olfactory culture, by Nez\",\"publisher\":{\"@id\":\"https:\\\/\\\/www.perfume-week.com\\\/en\\\/#organization\"},\"potentialAction\":[{\"@type\":\"SearchAction\",\"target\":{\"@type\":\"EntryPoint\",\"urlTemplate\":\"https:\\\/\\\/www.perfume-week.com\\\/en\\\/?s={search_term_string}\"},\"query-input\":{\"@type\":\"PropertyValueSpecification\",\"valueRequired\":true,\"valueName\":\"search_term_string\"}}],\"inLanguage\":\"en-US\"},{\"@type\":\"Organization\",\"@id\":\"https:\\\/\\\/www.perfume-week.com\\\/en\\\/#organization\",\"name\":\"Le rendez-vous international du parfum et de la culture olfactive, by Nez\",\"url\":\"https:\\\/\\\/www.perfume-week.com\\\/en\\\/\",\"logo\":{\"@type\":\"ImageObject\",\"inLanguage\":\"en-US\",\"@id\":\"https:\\\/\\\/www.perfume-week.com\\\/en\\\/#\\\/schema\\\/logo\\\/image\\\/\",\"url\":\"https:\\\/\\\/www.perfume-week.com\\\/wp-content\\\/uploads\\\/2023\\\/12\\\/PARIS_PERFUME_WEEK_BLANC-1.svg\",\"contentUrl\":\"https:\\\/\\\/www.perfume-week.com\\\/wp-content\\\/uploads\\\/2023\\\/12\\\/PARIS_PERFUME_WEEK_BLANC-1.svg\",\"width\":493,\"height\":262,\"caption\":\"Le rendez-vous international du parfum et de la culture olfactive, by Nez\"},\"image\":{\"@id\":\"https:\\\/\\\/www.perfume-week.com\\\/en\\\/#\\\/schema\\\/logo\\\/image\\\/\"},\"sameAs\":[\"https:\\\/\\\/facebook.com\\\/nezarevue\",\"https:\\\/\\\/www.instagram.com\\\/perfumeweek\"]}]}<\/script>\n<!-- \/ Yoast SEO plugin. -->","yoast_head_json":{"title":"Le go\u00fbt de peau - Perfume Week, by Nez","robots":{"index":"index","follow":"follow","max-snippet":"max-snippet:-1","max-image-preview":"max-image-preview:large","max-video-preview":"max-video-preview:-1"},"canonical":"https:\/\/www.perfume-week.com\/en\/entities\/le-gout-de-peau\/","og_locale":"en_US","og_type":"article","og_title":"Le go\u00fbt de peau - Perfume Week, by Nez","og_description":"Le go\u00fbt de peau, fond\u00e9 en 2021,\u00a0 qui se consacre \u00e0 la cr\u00e9ation d&#8217;exp\u00e9riences olfactives uniques. Nous mettons en avant les concepts de parfums orientale de genre et de cr\u00e9ation durable, en nous appuyant sur une diversit\u00e9 d&#8217;ingr\u00e9dients locaux et distinctive. Chacun de nos parfums transmet l&#8217;essence de la culture Est-Asiatique, explorant par l&#8217;olfaction la [&hellip;]","og_url":"https:\/\/www.perfume-week.com\/en\/entities\/le-gout-de-peau\/","og_site_name":"Perfume Week, by Nez","article_publisher":"https:\/\/facebook.com\/nezarevue","article_modified_time":"2026-01-13T11:38:33+00:00","og_image":[{"width":2048,"height":2048,"url":"https:\/\/www.perfume-week.com\/wp-content\/uploads\/2025\/08\/Le_gout_de_peau_logo-scaled.png","type":"image\/png"}],"twitter_card":"summary_large_image","twitter_misc":{"Est. reading time":"1 minute"},"schema":{"@context":"https:\/\/schema.org","@graph":[{"@type":"WebPage","@id":"https:\/\/www.perfume-week.com\/en\/entities\/le-gout-de-peau\/","url":"https:\/\/www.perfume-week.com\/en\/entities\/le-gout-de-peau\/","name":"Le go\u00fbt de peau - Perfume Week, by Nez","isPartOf":{"@id":"https:\/\/www.perfume-week.com\/en\/#website"},"primaryImageOfPage":{"@id":"https:\/\/www.perfume-week.com\/en\/entities\/le-gout-de-peau\/#primaryimage"},"image":{"@id":"https:\/\/www.perfume-week.com\/en\/entities\/le-gout-de-peau\/#primaryimage"},"thumbnailUrl":"https:\/\/www.perfume-week.com\/wp-content\/uploads\/2025\/08\/Le_gout_de_peau_logo-scaled.png","datePublished":"2025-08-17T15:16:43+00:00","dateModified":"2026-01-13T11:38:33+00:00","breadcrumb":{"@id":"https:\/\/www.perfume-week.com\/en\/entities\/le-gout-de-peau\/#breadcrumb"},"inLanguage":"en-US","potentialAction":[{"@type":"ReadAction","target":["https:\/\/www.perfume-week.com\/en\/entities\/le-gout-de-peau\/"]}]},{"@type":"ImageObject","inLanguage":"en-US","@id":"https:\/\/www.perfume-week.com\/en\/entities\/le-gout-de-peau\/#primaryimage","url":"https:\/\/www.perfume-week.com\/wp-content\/uploads\/2025\/08\/Le_gout_de_peau_logo-scaled.png","contentUrl":"https:\/\/www.perfume-week.com\/wp-content\/uploads\/2025\/08\/Le_gout_de_peau_logo-scaled.png","width":2048,"height":2048},{"@type":"BreadcrumbList","@id":"https:\/\/www.perfume-week.com\/en\/entities\/le-gout-de-peau\/#breadcrumb","itemListElement":[{"@type":"ListItem","position":1,"name":"Accueil","item":"https:\/\/www.perfume-week.com\/en\/"},{"@type":"ListItem","position":2,"name":"entit\u00e9s","item":"https:\/\/www.perfume-week.com\/en\/entities\/"},{"@type":"ListItem","position":3,"name":"Le go\u00fbt de peau"}]},{"@type":"WebSite","@id":"https:\/\/www.perfume-week.com\/en\/#website","url":"https:\/\/www.perfume-week.com\/en\/","name":"Paris Perfume Week, by Nez","description":"The international gathering for perfume and olfactory culture, by Nez","publisher":{"@id":"https:\/\/www.perfume-week.com\/en\/#organization"},"potentialAction":[{"@type":"SearchAction","target":{"@type":"EntryPoint","urlTemplate":"https:\/\/www.perfume-week.com\/en\/?s={search_term_string}"},"query-input":{"@type":"PropertyValueSpecification","valueRequired":true,"valueName":"search_term_string"}}],"inLanguage":"en-US"},{"@type":"Organization","@id":"https:\/\/www.perfume-week.com\/en\/#organization","name":"Le rendez-vous international du parfum et de la culture olfactive, by Nez","url":"https:\/\/www.perfume-week.com\/en\/","logo":{"@type":"ImageObject","inLanguage":"en-US","@id":"https:\/\/www.perfume-week.com\/en\/#\/schema\/logo\/image\/","url":"https:\/\/www.perfume-week.com\/wp-content\/uploads\/2023\/12\/PARIS_PERFUME_WEEK_BLANC-1.svg","contentUrl":"https:\/\/www.perfume-week.com\/wp-content\/uploads\/2023\/12\/PARIS_PERFUME_WEEK_BLANC-1.svg","width":493,"height":262,"caption":"Le rendez-vous international du parfum et de la culture olfactive, by Nez"},"image":{"@id":"https:\/\/www.perfume-week.com\/en\/#\/schema\/logo\/image\/"},"sameAs":["https:\/\/facebook.com\/nezarevue","https:\/\/www.instagram.com\/perfumeweek"]}]}},"_links":{"self":[{"href":"https:\/\/www.perfume-week.com\/en\/wp-json\/wp\/v2\/entities\/13607","targetHints":{"allow":["GET"]}}],"collection":[{"href":"https:\/\/www.perfume-week.com\/en\/wp-json\/wp\/v2\/entities"}],"about":[{"href":"https:\/\/www.perfume-week.com\/en\/wp-json\/wp\/v2\/types\/entities"}],"version-history":[{"count":0,"href":"https:\/\/www.perfume-week.com\/en\/wp-json\/wp\/v2\/entities\/13607\/revisions"}],"wp:featuredmedia":[{"embeddable":true,"href":"https:\/\/www.perfume-week.com\/en\/wp-json\/wp\/v2\/media\/13657"}],"wp:attachment":[{"href":"https:\/\/www.perfume-week.com\/en\/wp-json\/wp\/v2\/media?parent=13607"}],"wp:term":[{"taxonomy":"annee","embeddable":true,"href":"https:\/\/www.perfume-week.com\/en\/wp-json\/wp\/v2\/annee?post=13607"},{"taxonomy":"comptoir-niche-by-nez","embeddable":true,"href":"https:\/\/www.perfume-week.com\/en\/wp-json\/wp\/v2\/comptoir-niche-by-nez?post=13607"},{"taxonomy":"partner-types","embeddable":true,"href":"https:\/\/www.perfume-week.com\/en\/wp-json\/wp\/v2\/partner-types?post=13607"},{"taxonomy":"ville","embeddable":true,"href":"https:\/\/www.perfume-week.com\/en\/wp-json\/wp\/v2\/ville?post=13607"}],"curies":[{"name":"wp","href":"https:\/\/api.w.org\/{rel}","templated":true}]}}

Le goût de peau

<p>Le goût de peau, fondé en 2021,  qui se consacre à la création d&#8217;expériences olfactives uniques. Nous mettons en avant les concepts de parfums orientale de genre et de création durable, en nous appuyant sur une diversité d&#8217;ingrédients locaux et distinctive.</p>



<p>Chacun de nos parfums transmet l&#8217;essence de la culture Est-Asiatique, explorant par l&#8217;olfaction la manière dont les individus perçoivent le monde. Chez Le goût de peau, nous croyons que le parfum dépasse la simple jouissance olfactive ; il constitue une quête spirituelle. Nous puisons avidement l&#8217;inspiration dans les découvertes et les expériences de nos voyages, alliées à une passion profonde pour les cultures anciennes et mystérieuses. Ces éléments nourrissent notre processus créatif. Nos créations olfactives aspirent à atteindre des profondeurs et des dimensions poétiques que la vision ne peut saisir.</p>

<!-- This site is optimized with the Yoast SEO plugin v27.5 - https://yoast.com/product/yoast-seo-wordpress/ -->
<title>Le goût de peau - Perfume Week, by Nez</title>
<meta name="robots" content="index, follow, max-snippet:-1, max-image-preview:large, max-video-preview:-1" />
<link rel="canonical" href="https://www.perfume-week.com/en/entities/le-gout-de-peau/" />
<meta property="og:locale" content="en_US" />
<meta property="og:type" content="article" />
<meta property="og:title" content="Le goût de peau - Perfume Week, by Nez" />
<meta property="og:description" content="Le goût de peau, fondé en 2021,  qui se consacre à la création d&#8217;expériences olfactives uniques. Nous mettons en avant les concepts de parfums orientale de genre et de création durable, en nous appuyant sur une diversité d&#8217;ingrédients locaux et distinctive. Chacun de nos parfums transmet l&#8217;essence de la culture Est-Asiatique, explorant par l&#8217;olfaction la [&hellip;]" />
<meta property="og:url" content="https://www.perfume-week.com/en/entities/le-gout-de-peau/" />
<meta property="og:site_name" content="Perfume Week, by Nez" />
<meta property="article:publisher" content="https://facebook.com/nezarevue" />
<meta property="article:modified_time" content="2026-01-13T11:38:33+00:00" />
<meta property="og:image" content="https://www.perfume-week.com/wp-content/uploads/2025/08/Le_gout_de_peau_logo-scaled.png" />
	<meta property="og:image:width" content="2048" />
	<meta property="og:image:height" content="2048" />
	<meta property="og:image:type" content="image/png" />
<meta name="twitter:card" content="summary_large_image" />
<meta name="twitter:label1" content="Est. reading time" />
	<meta name="twitter:data1" content="1 minute" />
<script type="application/ld+json" class="yoast-schema-graph">{"@context":"https:\/\/schema.org","@graph":[{"@type":"WebPage","@id":"https:\/\/www.perfume-week.com\/en\/entities\/le-gout-de-peau\/","url":"https:\/\/www.perfume-week.com\/en\/entities\/le-gout-de-peau\/","name":"Le goût de peau - Perfume Week, by Nez","isPartOf":{"@id":"https:\/\/www.perfume-week.com\/en\/#website"},"primaryImageOfPage":{"@id":"https:\/\/www.perfume-week.com\/en\/entities\/le-gout-de-peau\/#primaryimage"},"image":{"@id":"https:\/\/www.perfume-week.com\/en\/entities\/le-gout-de-peau\/#primaryimage"},"thumbnailUrl":"https:\/\/www.perfume-week.com\/wp-content\/uploads\/2025\/08\/Le_gout_de_peau_logo-scaled.png","datePublished":"2025-08-17T15:16:43+00:00","dateModified":"2026-01-13T11:38:33+00:00","breadcrumb":{"@id":"https:\/\/www.perfume-week.com\/en\/entities\/le-gout-de-peau\/#breadcrumb"},"inLanguage":"en-US","potentialAction":[{"@type":"ReadAction","target":["https:\/\/www.perfume-week.com\/en\/entities\/le-gout-de-peau\/"]}]},{"@type":"ImageObject","inLanguage":"en-US","@id":"https:\/\/www.perfume-week.com\/en\/entities\/le-gout-de-peau\/#primaryimage","url":"https:\/\/www.perfume-week.com\/wp-content\/uploads\/2025\/08\/Le_gout_de_peau_logo-scaled.png","contentUrl":"https:\/\/www.perfume-week.com\/wp-content\/uploads\/2025\/08\/Le_gout_de_peau_logo-scaled.png","width":2048,"height":2048},{"@type":"BreadcrumbList","@id":"https:\/\/www.perfume-week.com\/en\/entities\/le-gout-de-peau\/#breadcrumb","itemListElement":[{"@type":"ListItem","position":1,"name":"Accueil","item":"https:\/\/www.perfume-week.com\/en\/"},{"@type":"ListItem","position":2,"name":"entités","item":"https:\/\/www.perfume-week.com\/en\/entities\/"},{"@type":"ListItem","position":3,"name":"Le goût de peau"}]},{"@type":"WebSite","@id":"https:\/\/www.perfume-week.com\/en\/#website","url":"https:\/\/www.perfume-week.com\/en\/","name":"Paris Perfume Week, by Nez","description":"The international gathering for perfume and olfactory culture, by Nez","publisher":{"@id":"https:\/\/www.perfume-week.com\/en\/#organization"},"potentialAction":[{"@type":"SearchAction","target":{"@type":"EntryPoint","urlTemplate":"https:\/\/www.perfume-week.com\/en\/?s={search_term_string}"},"query-input":{"@type":"PropertyValueSpecification","valueRequired":true,"valueName":"search_term_string"}}],"inLanguage":"en-US"},{"@type":"Organization","@id":"https:\/\/www.perfume-week.com\/en\/#organization","name":"Le rendez-vous international du parfum et de la culture olfactive, by Nez","url":"https:\/\/www.perfume-week.com\/en\/","logo":{"@type":"ImageObject","inLanguage":"en-US","@id":"https:\/\/www.perfume-week.com\/en\/#\/schema\/logo\/image\/","url":"https:\/\/www.perfume-week.com\/wp-content\/uploads\/2023\/12\/PARIS_PERFUME_WEEK_BLANC-1.svg","contentUrl":"https:\/\/www.perfume-week.com\/wp-content\/uploads\/2023\/12\/PARIS_PERFUME_WEEK_BLANC-1.svg","width":493,"height":262,"caption":"Le rendez-vous international du parfum et de la culture olfactive, by Nez"},"image":{"@id":"https:\/\/www.perfume-week.com\/en\/#\/schema\/logo\/image\/"},"sameAs":["https:\/\/facebook.com\/nezarevue","https:\/\/www.instagram.com\/perfumeweek"]}]}</script>
<!-- / Yoast SEO plugin. -->

Le goût de peau - Perfume Week, by Nez

Le goût de peau, fondé en 2021,  qui se consacre à la création d&#8217;expériences olfactives uniques. Nous mettons en avant les concepts de parfums orientale de genre et de création durable, en nous appuyant sur une diversité d&#8217;ingrédients locaux et distinctive. Chacun de nos parfums transmet l&#8217;essence de la culture Est-Asiatique, explorant par l&#8217;olfaction la [&hellip;]

entités
