{"id":11507,"date":"2025-06-20T07:47:29","date_gmt":"2025-06-20T05:47:29","guid":{"rendered":"https:\/\/www.perfume-week.com\/?post_type=entities&#038;p=11507"},"modified":"2025-06-20T07:55:24","modified_gmt":"2025-06-20T05:55:24","slug":"association-patrimoine-vivant-du-pays-de-grasse","status":"publish","type":"entities","link":"https:\/\/www.perfume-week.com\/en\/entities\/association-patrimoine-vivant-du-pays-de-grasse\/","title":{"rendered":"Association Patrimoine vivant du Pays de Grasse"},"content":{"rendered":"\n<p>The perfume-related know-how of the Pays de Grasse region was inscribed on the Intangible Cultural Heritage List on November 28, 2018, by the 178 signatory states of the Convention. The Living Heritage Association of the Pays de Grasse, then chaired by Jean-Pierre Leleux, with the support of J\u00e9r\u00f4me Viaud, Mayor of Grasse and President of the Communaut\u00e9 d&#8217;Agglom\u00e9ration du Pays de Grasse, submitted the application for &#8220;Perfume-Related Know-How in the Pays de Grasse&#8221; based on three areas: the cultivation of perfume plants, knowledge of raw materials and their processing, and the art of perfume composition. The association brings together a large number of practitioners (perfume plant growers, experts in natural raw materials and their processing, perfumers, foreign practitioners, scientists, elected officials, and representatives of civil society).<\/p>\n","protected":false},"featured_media":11505,"parent":0,"template":"","annee":[148],"comptoir-niche-by-nez":[],"partner-types":[56],"ville":[162],"class_list":["post-11507","entities","type-entities","status-publish","has-post-thumbnail","hentry","annee-2025-en","partner-types-exhibitors","ville-grasse-en"],"acf":[],"yoast_head":"<!-- This site is optimized with the Yoast SEO plugin v27.5 - https:\/\/yoast.com\/product\/yoast-seo-wordpress\/ -->\n<title>Association Patrimoine vivant du Pays de Grasse - Perfume Week, by Nez<\/title>\n<meta name=\"robots\" content=\"index, follow, max-snippet:-1, max-image-preview:large, max-video-preview:-1\" \/>\n<link rel=\"canonical\" href=\"https:\/\/www.perfume-week.com\/en\/entities\/association-patrimoine-vivant-du-pays-de-grasse\/\" \/>\n<meta property=\"og:locale\" content=\"en_US\" \/>\n<meta property=\"og:type\" content=\"article\" \/>\n<meta property=\"og:title\" content=\"Association Patrimoine vivant du Pays de Grasse - Perfume Week, by Nez\" \/>\n<meta property=\"og:description\" content=\"The perfume-related know-how of the Pays de Grasse region was inscribed on the Intangible Cultural Heritage List on November 28, 2018, by the 178 signatory states of the Convention. The Living Heritage Association of the Pays de Grasse, then chaired by Jean-Pierre Leleux, with the support of J\u00e9r\u00f4me Viaud, Mayor of Grasse and President of [&hellip;]\" \/>\n<meta property=\"og:url\" content=\"https:\/\/www.perfume-week.com\/en\/entities\/association-patrimoine-vivant-du-pays-de-grasse\/\" \/>\n<meta property=\"og:site_name\" content=\"Perfume Week, by Nez\" \/>\n<meta property=\"article:publisher\" content=\"https:\/\/facebook.com\/nezarevue\" \/>\n<meta property=\"article:modified_time\" content=\"2025-06-20T05:55:24+00:00\" \/>\n<meta property=\"og:image\" content=\"https:\/\/www.perfume-week.com\/wp-content\/uploads\/2025\/06\/logo-Asso_Patrimoine_Vivant-01-scaled.png\" \/>\n\t<meta property=\"og:image:width\" content=\"1448\" \/>\n\t<meta property=\"og:image:height\" content=\"2048\" \/>\n\t<meta property=\"og:image:type\" content=\"image\/png\" \/>\n<meta name=\"twitter:card\" content=\"summary_large_image\" \/>\n<meta name=\"twitter:label1\" content=\"Est. reading time\" \/>\n\t<meta name=\"twitter:data1\" content=\"1 minute\" \/>\n<script type=\"application\/ld+json\" class=\"yoast-schema-graph\">{\"@context\":\"https:\\\/\\\/schema.org\",\"@graph\":[{\"@type\":\"WebPage\",\"@id\":\"https:\\\/\\\/www.perfume-week.com\\\/en\\\/entities\\\/association-patrimoine-vivant-du-pays-de-grasse\\\/\",\"url\":\"https:\\\/\\\/www.perfume-week.com\\\/en\\\/entities\\\/association-patrimoine-vivant-du-pays-de-grasse\\\/\",\"name\":\"Association Patrimoine vivant du Pays de Grasse - Perfume Week, by Nez\",\"isPartOf\":{\"@id\":\"https:\\\/\\\/www.perfume-week.com\\\/en\\\/#website\"},\"primaryImageOfPage\":{\"@id\":\"https:\\\/\\\/www.perfume-week.com\\\/en\\\/entities\\\/association-patrimoine-vivant-du-pays-de-grasse\\\/#primaryimage\"},\"image\":{\"@id\":\"https:\\\/\\\/www.perfume-week.com\\\/en\\\/entities\\\/association-patrimoine-vivant-du-pays-de-grasse\\\/#primaryimage\"},\"thumbnailUrl\":\"https:\\\/\\\/www.perfume-week.com\\\/wp-content\\\/uploads\\\/2025\\\/06\\\/logo-Asso_Patrimoine_Vivant-01-scaled.png\",\"datePublished\":\"2025-06-20T05:47:29+00:00\",\"dateModified\":\"2025-06-20T05:55:24+00:00\",\"breadcrumb\":{\"@id\":\"https:\\\/\\\/www.perfume-week.com\\\/en\\\/entities\\\/association-patrimoine-vivant-du-pays-de-grasse\\\/#breadcrumb\"},\"inLanguage\":\"en-US\",\"potentialAction\":[{\"@type\":\"ReadAction\",\"target\":[\"https:\\\/\\\/www.perfume-week.com\\\/en\\\/entities\\\/association-patrimoine-vivant-du-pays-de-grasse\\\/\"]}]},{\"@type\":\"ImageObject\",\"inLanguage\":\"en-US\",\"@id\":\"https:\\\/\\\/www.perfume-week.com\\\/en\\\/entities\\\/association-patrimoine-vivant-du-pays-de-grasse\\\/#primaryimage\",\"url\":\"https:\\\/\\\/www.perfume-week.com\\\/wp-content\\\/uploads\\\/2025\\\/06\\\/logo-Asso_Patrimoine_Vivant-01-scaled.png\",\"contentUrl\":\"https:\\\/\\\/www.perfume-week.com\\\/wp-content\\\/uploads\\\/2025\\\/06\\\/logo-Asso_Patrimoine_Vivant-01-scaled.png\",\"width\":1448,\"height\":2048},{\"@type\":\"BreadcrumbList\",\"@id\":\"https:\\\/\\\/www.perfume-week.com\\\/en\\\/entities\\\/association-patrimoine-vivant-du-pays-de-grasse\\\/#breadcrumb\",\"itemListElement\":[{\"@type\":\"ListItem\",\"position\":1,\"name\":\"Accueil\",\"item\":\"https:\\\/\\\/www.perfume-week.com\\\/en\\\/\"},{\"@type\":\"ListItem\",\"position\":2,\"name\":\"entit\u00e9s\",\"item\":\"https:\\\/\\\/www.perfume-week.com\\\/en\\\/entities\\\/\"},{\"@type\":\"ListItem\",\"position\":3,\"name\":\"Association Patrimoine vivant du Pays de Grasse\"}]},{\"@type\":\"WebSite\",\"@id\":\"https:\\\/\\\/www.perfume-week.com\\\/en\\\/#website\",\"url\":\"https:\\\/\\\/www.perfume-week.com\\\/en\\\/\",\"name\":\"Paris Perfume Week, by Nez\",\"description\":\"The international gathering for perfume and olfactory culture, by Nez\",\"publisher\":{\"@id\":\"https:\\\/\\\/www.perfume-week.com\\\/en\\\/#organization\"},\"potentialAction\":[{\"@type\":\"SearchAction\",\"target\":{\"@type\":\"EntryPoint\",\"urlTemplate\":\"https:\\\/\\\/www.perfume-week.com\\\/en\\\/?s={search_term_string}\"},\"query-input\":{\"@type\":\"PropertyValueSpecification\",\"valueRequired\":true,\"valueName\":\"search_term_string\"}}],\"inLanguage\":\"en-US\"},{\"@type\":\"Organization\",\"@id\":\"https:\\\/\\\/www.perfume-week.com\\\/en\\\/#organization\",\"name\":\"Le rendez-vous international du parfum et de la culture olfactive, by Nez\",\"url\":\"https:\\\/\\\/www.perfume-week.com\\\/en\\\/\",\"logo\":{\"@type\":\"ImageObject\",\"inLanguage\":\"en-US\",\"@id\":\"https:\\\/\\\/www.perfume-week.com\\\/en\\\/#\\\/schema\\\/logo\\\/image\\\/\",\"url\":\"https:\\\/\\\/www.perfume-week.com\\\/wp-content\\\/uploads\\\/2023\\\/12\\\/PARIS_PERFUME_WEEK_BLANC-1.svg\",\"contentUrl\":\"https:\\\/\\\/www.perfume-week.com\\\/wp-content\\\/uploads\\\/2023\\\/12\\\/PARIS_PERFUME_WEEK_BLANC-1.svg\",\"width\":493,\"height\":262,\"caption\":\"Le rendez-vous international du parfum et de la culture olfactive, by Nez\"},\"image\":{\"@id\":\"https:\\\/\\\/www.perfume-week.com\\\/en\\\/#\\\/schema\\\/logo\\\/image\\\/\"},\"sameAs\":[\"https:\\\/\\\/facebook.com\\\/nezarevue\",\"https:\\\/\\\/www.instagram.com\\\/perfumeweek\"]}]}<\/script>\n<!-- \/ Yoast SEO plugin. -->","yoast_head_json":{"title":"Association Patrimoine vivant du Pays de Grasse - Perfume Week, by Nez","robots":{"index":"index","follow":"follow","max-snippet":"max-snippet:-1","max-image-preview":"max-image-preview:large","max-video-preview":"max-video-preview:-1"},"canonical":"https:\/\/www.perfume-week.com\/en\/entities\/association-patrimoine-vivant-du-pays-de-grasse\/","og_locale":"en_US","og_type":"article","og_title":"Association Patrimoine vivant du Pays de Grasse - Perfume Week, by Nez","og_description":"The perfume-related know-how of the Pays de Grasse region was inscribed on the Intangible Cultural Heritage List on November 28, 2018, by the 178 signatory states of the Convention. The Living Heritage Association of the Pays de Grasse, then chaired by Jean-Pierre Leleux, with the support of J\u00e9r\u00f4me Viaud, Mayor of Grasse and President of [&hellip;]","og_url":"https:\/\/www.perfume-week.com\/en\/entities\/association-patrimoine-vivant-du-pays-de-grasse\/","og_site_name":"Perfume Week, by Nez","article_publisher":"https:\/\/facebook.com\/nezarevue","article_modified_time":"2025-06-20T05:55:24+00:00","og_image":[{"width":1448,"height":2048,"url":"https:\/\/www.perfume-week.com\/wp-content\/uploads\/2025\/06\/logo-Asso_Patrimoine_Vivant-01-scaled.png","type":"image\/png"}],"twitter_card":"summary_large_image","twitter_misc":{"Est. reading time":"1 minute"},"schema":{"@context":"https:\/\/schema.org","@graph":[{"@type":"WebPage","@id":"https:\/\/www.perfume-week.com\/en\/entities\/association-patrimoine-vivant-du-pays-de-grasse\/","url":"https:\/\/www.perfume-week.com\/en\/entities\/association-patrimoine-vivant-du-pays-de-grasse\/","name":"Association Patrimoine vivant du Pays de Grasse - Perfume Week, by Nez","isPartOf":{"@id":"https:\/\/www.perfume-week.com\/en\/#website"},"primaryImageOfPage":{"@id":"https:\/\/www.perfume-week.com\/en\/entities\/association-patrimoine-vivant-du-pays-de-grasse\/#primaryimage"},"image":{"@id":"https:\/\/www.perfume-week.com\/en\/entities\/association-patrimoine-vivant-du-pays-de-grasse\/#primaryimage"},"thumbnailUrl":"https:\/\/www.perfume-week.com\/wp-content\/uploads\/2025\/06\/logo-Asso_Patrimoine_Vivant-01-scaled.png","datePublished":"2025-06-20T05:47:29+00:00","dateModified":"2025-06-20T05:55:24+00:00","breadcrumb":{"@id":"https:\/\/www.perfume-week.com\/en\/entities\/association-patrimoine-vivant-du-pays-de-grasse\/#breadcrumb"},"inLanguage":"en-US","potentialAction":[{"@type":"ReadAction","target":["https:\/\/www.perfume-week.com\/en\/entities\/association-patrimoine-vivant-du-pays-de-grasse\/"]}]},{"@type":"ImageObject","inLanguage":"en-US","@id":"https:\/\/www.perfume-week.com\/en\/entities\/association-patrimoine-vivant-du-pays-de-grasse\/#primaryimage","url":"https:\/\/www.perfume-week.com\/wp-content\/uploads\/2025\/06\/logo-Asso_Patrimoine_Vivant-01-scaled.png","contentUrl":"https:\/\/www.perfume-week.com\/wp-content\/uploads\/2025\/06\/logo-Asso_Patrimoine_Vivant-01-scaled.png","width":1448,"height":2048},{"@type":"BreadcrumbList","@id":"https:\/\/www.perfume-week.com\/en\/entities\/association-patrimoine-vivant-du-pays-de-grasse\/#breadcrumb","itemListElement":[{"@type":"ListItem","position":1,"name":"Accueil","item":"https:\/\/www.perfume-week.com\/en\/"},{"@type":"ListItem","position":2,"name":"entit\u00e9s","item":"https:\/\/www.perfume-week.com\/en\/entities\/"},{"@type":"ListItem","position":3,"name":"Association Patrimoine vivant du Pays de Grasse"}]},{"@type":"WebSite","@id":"https:\/\/www.perfume-week.com\/en\/#website","url":"https:\/\/www.perfume-week.com\/en\/","name":"Paris Perfume Week, by Nez","description":"The international gathering for perfume and olfactory culture, by Nez","publisher":{"@id":"https:\/\/www.perfume-week.com\/en\/#organization"},"potentialAction":[{"@type":"SearchAction","target":{"@type":"EntryPoint","urlTemplate":"https:\/\/www.perfume-week.com\/en\/?s={search_term_string}"},"query-input":{"@type":"PropertyValueSpecification","valueRequired":true,"valueName":"search_term_string"}}],"inLanguage":"en-US"},{"@type":"Organization","@id":"https:\/\/www.perfume-week.com\/en\/#organization","name":"Le rendez-vous international du parfum et de la culture olfactive, by Nez","url":"https:\/\/www.perfume-week.com\/en\/","logo":{"@type":"ImageObject","inLanguage":"en-US","@id":"https:\/\/www.perfume-week.com\/en\/#\/schema\/logo\/image\/","url":"https:\/\/www.perfume-week.com\/wp-content\/uploads\/2023\/12\/PARIS_PERFUME_WEEK_BLANC-1.svg","contentUrl":"https:\/\/www.perfume-week.com\/wp-content\/uploads\/2023\/12\/PARIS_PERFUME_WEEK_BLANC-1.svg","width":493,"height":262,"caption":"Le rendez-vous international du parfum et de la culture olfactive, by Nez"},"image":{"@id":"https:\/\/www.perfume-week.com\/en\/#\/schema\/logo\/image\/"},"sameAs":["https:\/\/facebook.com\/nezarevue","https:\/\/www.instagram.com\/perfumeweek"]}]}},"_links":{"self":[{"href":"https:\/\/www.perfume-week.com\/en\/wp-json\/wp\/v2\/entities\/11507","targetHints":{"allow":["GET"]}}],"collection":[{"href":"https:\/\/www.perfume-week.com\/en\/wp-json\/wp\/v2\/entities"}],"about":[{"href":"https:\/\/www.perfume-week.com\/en\/wp-json\/wp\/v2\/types\/entities"}],"version-history":[{"count":0,"href":"https:\/\/www.perfume-week.com\/en\/wp-json\/wp\/v2\/entities\/11507\/revisions"}],"wp:featuredmedia":[{"embeddable":true,"href":"https:\/\/www.perfume-week.com\/en\/wp-json\/wp\/v2\/media\/11505"}],"wp:attachment":[{"href":"https:\/\/www.perfume-week.com\/en\/wp-json\/wp\/v2\/media?parent=11507"}],"wp:term":[{"taxonomy":"annee","embeddable":true,"href":"https:\/\/www.perfume-week.com\/en\/wp-json\/wp\/v2\/annee?post=11507"},{"taxonomy":"comptoir-niche-by-nez","embeddable":true,"href":"https:\/\/www.perfume-week.com\/en\/wp-json\/wp\/v2\/comptoir-niche-by-nez?post=11507"},{"taxonomy":"partner-types","embeddable":true,"href":"https:\/\/www.perfume-week.com\/en\/wp-json\/wp\/v2\/partner-types?post=11507"},{"taxonomy":"ville","embeddable":true,"href":"https:\/\/www.perfume-week.com\/en\/wp-json\/wp\/v2\/ville?post=11507"}],"curies":[{"name":"wp","href":"https:\/\/api.w.org\/{rel}","templated":true}]}}

<p>The perfume-related know-how of the Pays de Grasse region was inscribed on the Intangible Cultural Heritage List on November 28, 2018, by the 178 signatory states of the Convention. The Living Heritage Association of the Pays de Grasse, then chaired by Jean-Pierre Leleux, with the support of Jérôme Viaud, Mayor of Grasse and President of the Communauté d&#8217;Agglomération du Pays de Grasse, submitted the application for &#8220;Perfume-Related Know-How in the Pays de Grasse&#8221; based on three areas: the cultivation of perfume plants, knowledge of raw materials and their processing, and the art of perfume composition. The association brings together a large number of practitioners (perfume plant growers, experts in natural raw materials and their processing, perfumers, foreign practitioners, scientists, elected officials, and representatives of civil society).</p>

<!-- This site is optimized with the Yoast SEO plugin v27.5 - https://yoast.com/product/yoast-seo-wordpress/ -->
<title>Association Patrimoine vivant du Pays de Grasse - Perfume Week, by Nez</title>
<meta name="robots" content="index, follow, max-snippet:-1, max-image-preview:large, max-video-preview:-1" />
<link rel="canonical" href="https://www.perfume-week.com/en/entities/association-patrimoine-vivant-du-pays-de-grasse/" />
<meta property="og:locale" content="en_US" />
<meta property="og:type" content="article" />
<meta property="og:title" content="Association Patrimoine vivant du Pays de Grasse - Perfume Week, by Nez" />
<meta property="og:description" content="The perfume-related know-how of the Pays de Grasse region was inscribed on the Intangible Cultural Heritage List on November 28, 2018, by the 178 signatory states of the Convention. The Living Heritage Association of the Pays de Grasse, then chaired by Jean-Pierre Leleux, with the support of Jérôme Viaud, Mayor of Grasse and President of [&hellip;]" />
<meta property="og:url" content="https://www.perfume-week.com/en/entities/association-patrimoine-vivant-du-pays-de-grasse/" />
<meta property="og:site_name" content="Perfume Week, by Nez" />
<meta property="article:publisher" content="https://facebook.com/nezarevue" />
<meta property="article:modified_time" content="2025-06-20T05:55:24+00:00" />
<meta property="og:image" content="https://www.perfume-week.com/wp-content/uploads/2025/06/logo-Asso_Patrimoine_Vivant-01-scaled.png" />
	<meta property="og:image:width" content="1448" />
	<meta property="og:image:height" content="2048" />
	<meta property="og:image:type" content="image/png" />
<meta name="twitter:card" content="summary_large_image" />
<meta name="twitter:label1" content="Est. reading time" />
	<meta name="twitter:data1" content="1 minute" />
<script type="application/ld+json" class="yoast-schema-graph">{"@context":"https:\/\/schema.org","@graph":[{"@type":"WebPage","@id":"https:\/\/www.perfume-week.com\/en\/entities\/association-patrimoine-vivant-du-pays-de-grasse\/","url":"https:\/\/www.perfume-week.com\/en\/entities\/association-patrimoine-vivant-du-pays-de-grasse\/","name":"Association Patrimoine vivant du Pays de Grasse - Perfume Week, by Nez","isPartOf":{"@id":"https:\/\/www.perfume-week.com\/en\/#website"},"primaryImageOfPage":{"@id":"https:\/\/www.perfume-week.com\/en\/entities\/association-patrimoine-vivant-du-pays-de-grasse\/#primaryimage"},"image":{"@id":"https:\/\/www.perfume-week.com\/en\/entities\/association-patrimoine-vivant-du-pays-de-grasse\/#primaryimage"},"thumbnailUrl":"https:\/\/www.perfume-week.com\/wp-content\/uploads\/2025\/06\/logo-Asso_Patrimoine_Vivant-01-scaled.png","datePublished":"2025-06-20T05:47:29+00:00","dateModified":"2025-06-20T05:55:24+00:00","breadcrumb":{"@id":"https:\/\/www.perfume-week.com\/en\/entities\/association-patrimoine-vivant-du-pays-de-grasse\/#breadcrumb"},"inLanguage":"en-US","potentialAction":[{"@type":"ReadAction","target":["https:\/\/www.perfume-week.com\/en\/entities\/association-patrimoine-vivant-du-pays-de-grasse\/"]}]},{"@type":"ImageObject","inLanguage":"en-US","@id":"https:\/\/www.perfume-week.com\/en\/entities\/association-patrimoine-vivant-du-pays-de-grasse\/#primaryimage","url":"https:\/\/www.perfume-week.com\/wp-content\/uploads\/2025\/06\/logo-Asso_Patrimoine_Vivant-01-scaled.png","contentUrl":"https:\/\/www.perfume-week.com\/wp-content\/uploads\/2025\/06\/logo-Asso_Patrimoine_Vivant-01-scaled.png","width":1448,"height":2048},{"@type":"BreadcrumbList","@id":"https:\/\/www.perfume-week.com\/en\/entities\/association-patrimoine-vivant-du-pays-de-grasse\/#breadcrumb","itemListElement":[{"@type":"ListItem","position":1,"name":"Accueil","item":"https:\/\/www.perfume-week.com\/en\/"},{"@type":"ListItem","position":2,"name":"entités","item":"https:\/\/www.perfume-week.com\/en\/entities\/"},{"@type":"ListItem","position":3,"name":"Association Patrimoine vivant du Pays de Grasse"}]},{"@type":"WebSite","@id":"https:\/\/www.perfume-week.com\/en\/#website","url":"https:\/\/www.perfume-week.com\/en\/","name":"Paris Perfume Week, by Nez","description":"The international gathering for perfume and olfactory culture, by Nez","publisher":{"@id":"https:\/\/www.perfume-week.com\/en\/#organization"},"potentialAction":[{"@type":"SearchAction","target":{"@type":"EntryPoint","urlTemplate":"https:\/\/www.perfume-week.com\/en\/?s={search_term_string}"},"query-input":{"@type":"PropertyValueSpecification","valueRequired":true,"valueName":"search_term_string"}}],"inLanguage":"en-US"},{"@type":"Organization","@id":"https:\/\/www.perfume-week.com\/en\/#organization","name":"Le rendez-vous international du parfum et de la culture olfactive, by Nez","url":"https:\/\/www.perfume-week.com\/en\/","logo":{"@type":"ImageObject","inLanguage":"en-US","@id":"https:\/\/www.perfume-week.com\/en\/#\/schema\/logo\/image\/","url":"https:\/\/www.perfume-week.com\/wp-content\/uploads\/2023\/12\/PARIS_PERFUME_WEEK_BLANC-1.svg","contentUrl":"https:\/\/www.perfume-week.com\/wp-content\/uploads\/2023\/12\/PARIS_PERFUME_WEEK_BLANC-1.svg","width":493,"height":262,"caption":"Le rendez-vous international du parfum et de la culture olfactive, by Nez"},"image":{"@id":"https:\/\/www.perfume-week.com\/en\/#\/schema\/logo\/image\/"},"sameAs":["https:\/\/facebook.com\/nezarevue","https:\/\/www.instagram.com\/perfumeweek"]}]}</script>
<!-- / Yoast SEO plugin. -->

The perfume-related know-how of the Pays de Grasse region was inscribed on the Intangible Cultural Heritage List on November 28, 2018, by the 178 signatory states of the Convention. The Living Heritage Association of the Pays de Grasse, then chaired by Jean-Pierre Leleux, with the support of Jérôme Viaud, Mayor of Grasse and President of [&hellip;]

entités
