{"id":10223,"date":"2025-05-21T12:31:56","date_gmt":"2025-05-21T10:31:56","guid":{"rendered":"https:\/\/www.perfume-week.com\/?post_type=entities&#038;p=10223"},"modified":"2026-03-25T15:11:49","modified_gmt":"2026-03-25T14:11:49","slug":"molinard-boutique","status":"publish","type":"entities","link":"https:\/\/www.perfume-week.com\/en\/entities\/molinard-boutique\/","title":{"rendered":"Molinard (boutique)"},"content":{"rendered":"\n<p>Fond\u00e9e en 1849 \u00e0 Grasse, berceau de la parfumerie, la Maison Molinard incarne l\u2019excellence du savoir-faire olfactif fran\u00e7ais depuis plus de 175 ans. Rest\u00e9e familiale et ind\u00e9pendante \u00e0 travers cinq g\u00e9n\u00e9rations, elle cultive un h\u00e9ritage pr\u00e9cieux tout en s\u2019inscrivant dans une vision r\u00e9solument contemporaine du parfum.<\/p>\n\n\n\n<p>R\u00e9put\u00e9e pour ses cr\u00e9ations iconiques et audacieuses, \u00e0 l\u2019image de Habanita, la maison c\u00e9l\u00e8bre une parfumerie libre, expressive et profond\u00e9ment sensorielle. Chaque fragrance est pens\u00e9e comme une \u00e9motion, une alchimie de mati\u00e8res nobles soigneusement s\u00e9lectionn\u00e9es et travaill\u00e9es avec exigence.<\/p>\n\n\n\n<p>Entre tradition et modernit\u00e9, Molinard perp\u00e9tue un art de vivre \u00e0 la fran\u00e7aise, o\u00f9 le parfum devient une v\u00e9ritable signature personnelle.<\/p>\n\n\n\n<p><\/p>\n","protected":false},"featured_media":10139,"parent":0,"template":"","annee":[86,165],"comptoir-niche-by-nez":[],"partner-types":[182],"ville":[161],"class_list":["post-10223","entities","type-entities","status-publish","has-post-thumbnail","hentry","annee-86","annee-165","partner-types-paris-perfume-night","ville-paris-en"],"acf":[],"yoast_head":"<!-- This site is optimized with the Yoast SEO plugin v27.5 - https:\/\/yoast.com\/product\/yoast-seo-wordpress\/ -->\n<title>Molinard (boutique) - Perfume Week, by Nez<\/title>\n<meta name=\"robots\" content=\"index, follow, max-snippet:-1, max-image-preview:large, max-video-preview:-1\" \/>\n<link rel=\"canonical\" href=\"https:\/\/www.perfume-week.com\/en\/entities\/molinard-boutique\/\" \/>\n<meta property=\"og:locale\" content=\"en_US\" \/>\n<meta property=\"og:type\" content=\"article\" \/>\n<meta property=\"og:title\" content=\"Molinard (boutique) - Perfume Week, by Nez\" \/>\n<meta property=\"og:description\" content=\"Fond\u00e9e en 1849 \u00e0 Grasse, berceau de la parfumerie, la Maison Molinard incarne l\u2019excellence du savoir-faire olfactif fran\u00e7ais depuis plus de 175 ans. Rest\u00e9e familiale et ind\u00e9pendante \u00e0 travers cinq g\u00e9n\u00e9rations, elle cultive un h\u00e9ritage pr\u00e9cieux tout en s\u2019inscrivant dans une vision r\u00e9solument contemporaine du parfum. R\u00e9put\u00e9e pour ses cr\u00e9ations iconiques et audacieuses, \u00e0 l\u2019image [&hellip;]\" \/>\n<meta property=\"og:url\" content=\"https:\/\/www.perfume-week.com\/en\/entities\/molinard-boutique\/\" \/>\n<meta property=\"og:site_name\" content=\"Perfume Week, by Nez\" \/>\n<meta property=\"article:publisher\" content=\"https:\/\/facebook.com\/nezarevue\" \/>\n<meta property=\"article:modified_time\" content=\"2026-03-25T14:11:49+00:00\" \/>\n<meta property=\"og:image\" content=\"https:\/\/www.perfume-week.com\/wp-content\/uploads\/2025\/05\/Logo-Molinard-violet-fd-blanc-1500x1500px.png\" \/>\n\t<meta property=\"og:image:width\" content=\"1500\" \/>\n\t<meta property=\"og:image:height\" content=\"1500\" \/>\n\t<meta property=\"og:image:type\" content=\"image\/png\" \/>\n<meta name=\"twitter:card\" content=\"summary_large_image\" \/>\n<meta name=\"twitter:label1\" content=\"Est. reading time\" \/>\n\t<meta name=\"twitter:data1\" content=\"1 minute\" \/>\n<script type=\"application\/ld+json\" class=\"yoast-schema-graph\">{\"@context\":\"https:\\\/\\\/schema.org\",\"@graph\":[{\"@type\":\"WebPage\",\"@id\":\"https:\\\/\\\/www.perfume-week.com\\\/en\\\/entities\\\/molinard-boutique\\\/\",\"url\":\"https:\\\/\\\/www.perfume-week.com\\\/en\\\/entities\\\/molinard-boutique\\\/\",\"name\":\"Molinard (boutique) - Perfume Week, by Nez\",\"isPartOf\":{\"@id\":\"https:\\\/\\\/www.perfume-week.com\\\/en\\\/#website\"},\"primaryImageOfPage\":{\"@id\":\"https:\\\/\\\/www.perfume-week.com\\\/en\\\/entities\\\/molinard-boutique\\\/#primaryimage\"},\"image\":{\"@id\":\"https:\\\/\\\/www.perfume-week.com\\\/en\\\/entities\\\/molinard-boutique\\\/#primaryimage\"},\"thumbnailUrl\":\"https:\\\/\\\/www.perfume-week.com\\\/wp-content\\\/uploads\\\/2025\\\/05\\\/Logo-Molinard-violet-fd-blanc-1500x1500px.png\",\"datePublished\":\"2025-05-21T10:31:56+00:00\",\"dateModified\":\"2026-03-25T14:11:49+00:00\",\"breadcrumb\":{\"@id\":\"https:\\\/\\\/www.perfume-week.com\\\/en\\\/entities\\\/molinard-boutique\\\/#breadcrumb\"},\"inLanguage\":\"en-US\",\"potentialAction\":[{\"@type\":\"ReadAction\",\"target\":[\"https:\\\/\\\/www.perfume-week.com\\\/en\\\/entities\\\/molinard-boutique\\\/\"]}]},{\"@type\":\"ImageObject\",\"inLanguage\":\"en-US\",\"@id\":\"https:\\\/\\\/www.perfume-week.com\\\/en\\\/entities\\\/molinard-boutique\\\/#primaryimage\",\"url\":\"https:\\\/\\\/www.perfume-week.com\\\/wp-content\\\/uploads\\\/2025\\\/05\\\/Logo-Molinard-violet-fd-blanc-1500x1500px.png\",\"contentUrl\":\"https:\\\/\\\/www.perfume-week.com\\\/wp-content\\\/uploads\\\/2025\\\/05\\\/Logo-Molinard-violet-fd-blanc-1500x1500px.png\",\"width\":1500,\"height\":1500},{\"@type\":\"BreadcrumbList\",\"@id\":\"https:\\\/\\\/www.perfume-week.com\\\/en\\\/entities\\\/molinard-boutique\\\/#breadcrumb\",\"itemListElement\":[{\"@type\":\"ListItem\",\"position\":1,\"name\":\"Accueil\",\"item\":\"https:\\\/\\\/www.perfume-week.com\\\/en\\\/\"},{\"@type\":\"ListItem\",\"position\":2,\"name\":\"entit\u00e9s\",\"item\":\"https:\\\/\\\/www.perfume-week.com\\\/en\\\/entities\\\/\"},{\"@type\":\"ListItem\",\"position\":3,\"name\":\"Molinard (boutique)\"}]},{\"@type\":\"WebSite\",\"@id\":\"https:\\\/\\\/www.perfume-week.com\\\/en\\\/#website\",\"url\":\"https:\\\/\\\/www.perfume-week.com\\\/en\\\/\",\"name\":\"Paris Perfume Week, by Nez\",\"description\":\"The international gathering for perfume and olfactory culture, by Nez\",\"publisher\":{\"@id\":\"https:\\\/\\\/www.perfume-week.com\\\/en\\\/#organization\"},\"potentialAction\":[{\"@type\":\"SearchAction\",\"target\":{\"@type\":\"EntryPoint\",\"urlTemplate\":\"https:\\\/\\\/www.perfume-week.com\\\/en\\\/?s={search_term_string}\"},\"query-input\":{\"@type\":\"PropertyValueSpecification\",\"valueRequired\":true,\"valueName\":\"search_term_string\"}}],\"inLanguage\":\"en-US\"},{\"@type\":\"Organization\",\"@id\":\"https:\\\/\\\/www.perfume-week.com\\\/en\\\/#organization\",\"name\":\"Le rendez-vous international du parfum et de la culture olfactive, by Nez\",\"url\":\"https:\\\/\\\/www.perfume-week.com\\\/en\\\/\",\"logo\":{\"@type\":\"ImageObject\",\"inLanguage\":\"en-US\",\"@id\":\"https:\\\/\\\/www.perfume-week.com\\\/en\\\/#\\\/schema\\\/logo\\\/image\\\/\",\"url\":\"https:\\\/\\\/www.perfume-week.com\\\/wp-content\\\/uploads\\\/2023\\\/12\\\/PARIS_PERFUME_WEEK_BLANC-1.svg\",\"contentUrl\":\"https:\\\/\\\/www.perfume-week.com\\\/wp-content\\\/uploads\\\/2023\\\/12\\\/PARIS_PERFUME_WEEK_BLANC-1.svg\",\"width\":493,\"height\":262,\"caption\":\"Le rendez-vous international du parfum et de la culture olfactive, by Nez\"},\"image\":{\"@id\":\"https:\\\/\\\/www.perfume-week.com\\\/en\\\/#\\\/schema\\\/logo\\\/image\\\/\"},\"sameAs\":[\"https:\\\/\\\/facebook.com\\\/nezarevue\",\"https:\\\/\\\/www.instagram.com\\\/perfumeweek\"]}]}<\/script>\n<!-- \/ Yoast SEO plugin. -->","yoast_head_json":{"title":"Molinard (boutique) - Perfume Week, by Nez","robots":{"index":"index","follow":"follow","max-snippet":"max-snippet:-1","max-image-preview":"max-image-preview:large","max-video-preview":"max-video-preview:-1"},"canonical":"https:\/\/www.perfume-week.com\/en\/entities\/molinard-boutique\/","og_locale":"en_US","og_type":"article","og_title":"Molinard (boutique) - Perfume Week, by Nez","og_description":"Fond\u00e9e en 1849 \u00e0 Grasse, berceau de la parfumerie, la Maison Molinard incarne l\u2019excellence du savoir-faire olfactif fran\u00e7ais depuis plus de 175 ans. Rest\u00e9e familiale et ind\u00e9pendante \u00e0 travers cinq g\u00e9n\u00e9rations, elle cultive un h\u00e9ritage pr\u00e9cieux tout en s\u2019inscrivant dans une vision r\u00e9solument contemporaine du parfum. R\u00e9put\u00e9e pour ses cr\u00e9ations iconiques et audacieuses, \u00e0 l\u2019image [&hellip;]","og_url":"https:\/\/www.perfume-week.com\/en\/entities\/molinard-boutique\/","og_site_name":"Perfume Week, by Nez","article_publisher":"https:\/\/facebook.com\/nezarevue","article_modified_time":"2026-03-25T14:11:49+00:00","og_image":[{"width":1500,"height":1500,"url":"https:\/\/www.perfume-week.com\/wp-content\/uploads\/2025\/05\/Logo-Molinard-violet-fd-blanc-1500x1500px.png","type":"image\/png"}],"twitter_card":"summary_large_image","twitter_misc":{"Est. reading time":"1 minute"},"schema":{"@context":"https:\/\/schema.org","@graph":[{"@type":"WebPage","@id":"https:\/\/www.perfume-week.com\/en\/entities\/molinard-boutique\/","url":"https:\/\/www.perfume-week.com\/en\/entities\/molinard-boutique\/","name":"Molinard (boutique) - Perfume Week, by Nez","isPartOf":{"@id":"https:\/\/www.perfume-week.com\/en\/#website"},"primaryImageOfPage":{"@id":"https:\/\/www.perfume-week.com\/en\/entities\/molinard-boutique\/#primaryimage"},"image":{"@id":"https:\/\/www.perfume-week.com\/en\/entities\/molinard-boutique\/#primaryimage"},"thumbnailUrl":"https:\/\/www.perfume-week.com\/wp-content\/uploads\/2025\/05\/Logo-Molinard-violet-fd-blanc-1500x1500px.png","datePublished":"2025-05-21T10:31:56+00:00","dateModified":"2026-03-25T14:11:49+00:00","breadcrumb":{"@id":"https:\/\/www.perfume-week.com\/en\/entities\/molinard-boutique\/#breadcrumb"},"inLanguage":"en-US","potentialAction":[{"@type":"ReadAction","target":["https:\/\/www.perfume-week.com\/en\/entities\/molinard-boutique\/"]}]},{"@type":"ImageObject","inLanguage":"en-US","@id":"https:\/\/www.perfume-week.com\/en\/entities\/molinard-boutique\/#primaryimage","url":"https:\/\/www.perfume-week.com\/wp-content\/uploads\/2025\/05\/Logo-Molinard-violet-fd-blanc-1500x1500px.png","contentUrl":"https:\/\/www.perfume-week.com\/wp-content\/uploads\/2025\/05\/Logo-Molinard-violet-fd-blanc-1500x1500px.png","width":1500,"height":1500},{"@type":"BreadcrumbList","@id":"https:\/\/www.perfume-week.com\/en\/entities\/molinard-boutique\/#breadcrumb","itemListElement":[{"@type":"ListItem","position":1,"name":"Accueil","item":"https:\/\/www.perfume-week.com\/en\/"},{"@type":"ListItem","position":2,"name":"entit\u00e9s","item":"https:\/\/www.perfume-week.com\/en\/entities\/"},{"@type":"ListItem","position":3,"name":"Molinard (boutique)"}]},{"@type":"WebSite","@id":"https:\/\/www.perfume-week.com\/en\/#website","url":"https:\/\/www.perfume-week.com\/en\/","name":"Paris Perfume Week, by Nez","description":"The international gathering for perfume and olfactory culture, by Nez","publisher":{"@id":"https:\/\/www.perfume-week.com\/en\/#organization"},"potentialAction":[{"@type":"SearchAction","target":{"@type":"EntryPoint","urlTemplate":"https:\/\/www.perfume-week.com\/en\/?s={search_term_string}"},"query-input":{"@type":"PropertyValueSpecification","valueRequired":true,"valueName":"search_term_string"}}],"inLanguage":"en-US"},{"@type":"Organization","@id":"https:\/\/www.perfume-week.com\/en\/#organization","name":"Le rendez-vous international du parfum et de la culture olfactive, by Nez","url":"https:\/\/www.perfume-week.com\/en\/","logo":{"@type":"ImageObject","inLanguage":"en-US","@id":"https:\/\/www.perfume-week.com\/en\/#\/schema\/logo\/image\/","url":"https:\/\/www.perfume-week.com\/wp-content\/uploads\/2023\/12\/PARIS_PERFUME_WEEK_BLANC-1.svg","contentUrl":"https:\/\/www.perfume-week.com\/wp-content\/uploads\/2023\/12\/PARIS_PERFUME_WEEK_BLANC-1.svg","width":493,"height":262,"caption":"Le rendez-vous international du parfum et de la culture olfactive, by Nez"},"image":{"@id":"https:\/\/www.perfume-week.com\/en\/#\/schema\/logo\/image\/"},"sameAs":["https:\/\/facebook.com\/nezarevue","https:\/\/www.instagram.com\/perfumeweek"]}]}},"_links":{"self":[{"href":"https:\/\/www.perfume-week.com\/en\/wp-json\/wp\/v2\/entities\/10223","targetHints":{"allow":["GET"]}}],"collection":[{"href":"https:\/\/www.perfume-week.com\/en\/wp-json\/wp\/v2\/entities"}],"about":[{"href":"https:\/\/www.perfume-week.com\/en\/wp-json\/wp\/v2\/types\/entities"}],"version-history":[{"count":2,"href":"https:\/\/www.perfume-week.com\/en\/wp-json\/wp\/v2\/entities\/10223\/revisions"}],"predecessor-version":[{"id":18946,"href":"https:\/\/www.perfume-week.com\/en\/wp-json\/wp\/v2\/entities\/10223\/revisions\/18946"}],"wp:featuredmedia":[{"embeddable":true,"href":"https:\/\/www.perfume-week.com\/en\/wp-json\/wp\/v2\/media\/10139"}],"wp:attachment":[{"href":"https:\/\/www.perfume-week.com\/en\/wp-json\/wp\/v2\/media?parent=10223"}],"wp:term":[{"taxonomy":"annee","embeddable":true,"href":"https:\/\/www.perfume-week.com\/en\/wp-json\/wp\/v2\/annee?post=10223"},{"taxonomy":"comptoir-niche-by-nez","embeddable":true,"href":"https:\/\/www.perfume-week.com\/en\/wp-json\/wp\/v2\/comptoir-niche-by-nez?post=10223"},{"taxonomy":"partner-types","embeddable":true,"href":"https:\/\/www.perfume-week.com\/en\/wp-json\/wp\/v2\/partner-types?post=10223"},{"taxonomy":"ville","embeddable":true,"href":"https:\/\/www.perfume-week.com\/en\/wp-json\/wp\/v2\/ville?post=10223"}],"curies":[{"name":"wp","href":"https:\/\/api.w.org\/{rel}","templated":true}]}}

<p>Fondée en 1849 à Grasse, berceau de la parfumerie, la Maison Molinard incarne l’excellence du savoir-faire olfactif français depuis plus de 175 ans. Restée familiale et indépendante à travers cinq générations, elle cultive un héritage précieux tout en s’inscrivant dans une vision résolument contemporaine du parfum.</p>



<p>Réputée pour ses créations iconiques et audacieuses, à l’image de Habanita, la maison célèbre une parfumerie libre, expressive et profondément sensorielle. Chaque fragrance est pensée comme une émotion, une alchimie de matières nobles soigneusement sélectionnées et travaillées avec exigence.</p>



<p>Entre tradition et modernité, Molinard perpétue un art de vivre à la française, où le parfum devient une véritable signature personnelle.</p>



<p></p>

<!-- This site is optimized with the Yoast SEO plugin v27.5 - https://yoast.com/product/yoast-seo-wordpress/ -->
<title>Molinard (boutique) - Perfume Week, by Nez</title>
<meta name="robots" content="index, follow, max-snippet:-1, max-image-preview:large, max-video-preview:-1" />
<link rel="canonical" href="https://www.perfume-week.com/en/entities/molinard-boutique/" />
<meta property="og:locale" content="en_US" />
<meta property="og:type" content="article" />
<meta property="og:title" content="Molinard (boutique) - Perfume Week, by Nez" />
<meta property="og:description" content="Fondée en 1849 à Grasse, berceau de la parfumerie, la Maison Molinard incarne l’excellence du savoir-faire olfactif français depuis plus de 175 ans. Restée familiale et indépendante à travers cinq générations, elle cultive un héritage précieux tout en s’inscrivant dans une vision résolument contemporaine du parfum. Réputée pour ses créations iconiques et audacieuses, à l’image [&hellip;]" />
<meta property="og:url" content="https://www.perfume-week.com/en/entities/molinard-boutique/" />
<meta property="og:site_name" content="Perfume Week, by Nez" />
<meta property="article:publisher" content="https://facebook.com/nezarevue" />
<meta property="article:modified_time" content="2026-03-25T14:11:49+00:00" />
<meta property="og:image" content="https://www.perfume-week.com/wp-content/uploads/2025/05/Logo-Molinard-violet-fd-blanc-1500x1500px.png" />
	<meta property="og:image:width" content="1500" />
	<meta property="og:image:height" content="1500" />
	<meta property="og:image:type" content="image/png" />
<meta name="twitter:card" content="summary_large_image" />
<meta name="twitter:label1" content="Est. reading time" />
	<meta name="twitter:data1" content="1 minute" />
<script type="application/ld+json" class="yoast-schema-graph">{"@context":"https:\/\/schema.org","@graph":[{"@type":"WebPage","@id":"https:\/\/www.perfume-week.com\/en\/entities\/molinard-boutique\/","url":"https:\/\/www.perfume-week.com\/en\/entities\/molinard-boutique\/","name":"Molinard (boutique) - Perfume Week, by Nez","isPartOf":{"@id":"https:\/\/www.perfume-week.com\/en\/#website"},"primaryImageOfPage":{"@id":"https:\/\/www.perfume-week.com\/en\/entities\/molinard-boutique\/#primaryimage"},"image":{"@id":"https:\/\/www.perfume-week.com\/en\/entities\/molinard-boutique\/#primaryimage"},"thumbnailUrl":"https:\/\/www.perfume-week.com\/wp-content\/uploads\/2025\/05\/Logo-Molinard-violet-fd-blanc-1500x1500px.png","datePublished":"2025-05-21T10:31:56+00:00","dateModified":"2026-03-25T14:11:49+00:00","breadcrumb":{"@id":"https:\/\/www.perfume-week.com\/en\/entities\/molinard-boutique\/#breadcrumb"},"inLanguage":"en-US","potentialAction":[{"@type":"ReadAction","target":["https:\/\/www.perfume-week.com\/en\/entities\/molinard-boutique\/"]}]},{"@type":"ImageObject","inLanguage":"en-US","@id":"https:\/\/www.perfume-week.com\/en\/entities\/molinard-boutique\/#primaryimage","url":"https:\/\/www.perfume-week.com\/wp-content\/uploads\/2025\/05\/Logo-Molinard-violet-fd-blanc-1500x1500px.png","contentUrl":"https:\/\/www.perfume-week.com\/wp-content\/uploads\/2025\/05\/Logo-Molinard-violet-fd-blanc-1500x1500px.png","width":1500,"height":1500},{"@type":"BreadcrumbList","@id":"https:\/\/www.perfume-week.com\/en\/entities\/molinard-boutique\/#breadcrumb","itemListElement":[{"@type":"ListItem","position":1,"name":"Accueil","item":"https:\/\/www.perfume-week.com\/en\/"},{"@type":"ListItem","position":2,"name":"entités","item":"https:\/\/www.perfume-week.com\/en\/entities\/"},{"@type":"ListItem","position":3,"name":"Molinard (boutique)"}]},{"@type":"WebSite","@id":"https:\/\/www.perfume-week.com\/en\/#website","url":"https:\/\/www.perfume-week.com\/en\/","name":"Paris Perfume Week, by Nez","description":"The international gathering for perfume and olfactory culture, by Nez","publisher":{"@id":"https:\/\/www.perfume-week.com\/en\/#organization"},"potentialAction":[{"@type":"SearchAction","target":{"@type":"EntryPoint","urlTemplate":"https:\/\/www.perfume-week.com\/en\/?s={search_term_string}"},"query-input":{"@type":"PropertyValueSpecification","valueRequired":true,"valueName":"search_term_string"}}],"inLanguage":"en-US"},{"@type":"Organization","@id":"https:\/\/www.perfume-week.com\/en\/#organization","name":"Le rendez-vous international du parfum et de la culture olfactive, by Nez","url":"https:\/\/www.perfume-week.com\/en\/","logo":{"@type":"ImageObject","inLanguage":"en-US","@id":"https:\/\/www.perfume-week.com\/en\/#\/schema\/logo\/image\/","url":"https:\/\/www.perfume-week.com\/wp-content\/uploads\/2023\/12\/PARIS_PERFUME_WEEK_BLANC-1.svg","contentUrl":"https:\/\/www.perfume-week.com\/wp-content\/uploads\/2023\/12\/PARIS_PERFUME_WEEK_BLANC-1.svg","width":493,"height":262,"caption":"Le rendez-vous international du parfum et de la culture olfactive, by Nez"},"image":{"@id":"https:\/\/www.perfume-week.com\/en\/#\/schema\/logo\/image\/"},"sameAs":["https:\/\/facebook.com\/nezarevue","https:\/\/www.instagram.com\/perfumeweek"]}]}</script>
<!-- / Yoast SEO plugin. -->

Fondée en 1849 à Grasse, berceau de la parfumerie, la Maison Molinard incarne l’excellence du savoir-faire olfactif français depuis plus de 175 ans. Restée familiale et indépendante à travers cinq générations, elle cultive un héritage précieux tout en s’inscrivant dans une vision résolument contemporaine du parfum. Réputée pour ses créations iconiques et audacieuses, à l’image [&hellip;]

entités
